{"id":10132,"date":"2020-04-03T16:18:01","date_gmt":"2020-04-03T14:18:01","guid":{"rendered":"https:\/\/vimcar.de\/boxenstopp\/?page_id=10132"},"modified":"2020-12-08T09:14:42","modified_gmt":"2020-12-08T08:14:42","slug":"in-neun-schritten-zum-eigenen-unternehmen","status":"publish","type":"page","link":"https:\/\/vimcar.de\/boxenstopp\/gruender\/in-neun-schritten-zum-eigenen-unternehmen\/","title":{"rendered":"In neun Schritten zum eigenen Unternehmen"},"content":{"rendered":"\t\t<div data-elementor-type=\"wp-page\" data-elementor-id=\"10132\" class=\"elementor elementor-10132\" data-elementor-post-type=\"page\">\n\t\t\t\t\t\t<section class=\"elementor-section elementor-top-section elementor-element elementor-element-6dad6b1 elementor-section-boxed elementor-section-height-default elementor-section-height-default\" data-id=\"6dad6b1\" data-element_type=\"section\">\n\t\t\t\t\t\t<div class=\"elementor-container elementor-column-gap-default\">\n\t\t\t\t\t<div class=\"elementor-column elementor-col-100 elementor-top-column elementor-element elementor-element-42cbf16\" data-id=\"42cbf16\" data-element_type=\"column\">\n\t\t\t<div class=\"elementor-widget-wrap elementor-element-populated\">\n\t\t\t\t\t\t<div class=\"elementor-element elementor-element-0a1f8a4 elementor-widget elementor-widget-text-editor\" data-id=\"0a1f8a4\" data-element_type=\"widget\" data-widget_type=\"text-editor.default\">\n\t\t\t\t<div class=\"elementor-widget-container\">\n\t\t\t\t\t\t\t<p><span style=\"font-weight: 400;\">\u201eAls Gr\u00fcnder sollte ich in drei bis vier S\u00e4tzen glasklar sagen k\u00f6nnen, was ich mache. Das sollte selbst dann der Fall sein, wenn ich nachts betrunken geweckt werde\u201c, sagt Unternehmer Frank Thelen, Mitglied der Jury bei der TV-Show \u201eDie H\u00f6hle der L\u00f6wen\u201c. Damit hat er recht. Denn viele Jungunternehmer haben zwar Vorstellungen, k\u00f6nnen diese aber nicht immer konkret beschreiben. Was zeichnet einen guten Gr\u00fcnder also aus? Tolle Ideen, ein solider Businessplan, Mut, Durchhalteverm\u00f6gen oder motivierte Mitarbeiter? Der richtige Mix aus allem macht es. In 9 Schritten zum Erfolg, hier erfahren Sie wie.<\/span><\/p>\t\t\t\t\t\t<\/div>\n\t\t\t\t<\/div>\n\t\t\t\t<div class=\"elementor-element elementor-element-a3eb99d elementor-widget elementor-widget-heading\" data-id=\"a3eb99d\" data-element_type=\"widget\" data-widget_type=\"heading.default\">\n\t\t\t\t<div class=\"elementor-widget-container\">\n\t\t\t<h2 class=\"elementor-heading-title elementor-size-default\">1. Die perfekte Idee finden\n<\/h2>\t\t<\/div>\n\t\t\t\t<\/div>\n\t\t\t\t<div class=\"elementor-element elementor-element-dba3e6e elementor-widget elementor-widget-text-editor\" data-id=\"dba3e6e\" data-element_type=\"widget\" data-widget_type=\"text-editor.default\">\n\t\t\t\t<div class=\"elementor-widget-container\">\n\t\t\t\t\t\t\t<p><span style=\"font-weight: 400;\">Wer eine tragf\u00e4hige Idee f\u00fcr ein Business entwickelt, der verf\u00fcgt schon einmal \u00fcber gute Startbedingungen. Jetzt geht es aber darum, den Markt abzuklopfen. Wie sieht der Markt und wie sieht die Konkurrenz aus? Dabei sollten sowohl die eigene Region wie auch bundesweit agierende Mitbewerber unter die Lupe genommen werden. Ebenso wichtig sind die Rahmenbedingungen der Gr\u00fcndung. Neben der Frage wie viel Kapital zur Gr\u00fcndung ben\u00f6tigt wird, spielen auch die m\u00f6glichen finanziellen Risiken des Unternehmens eine wichtige Rolle. Sollte das Unternehmen mehrere Gr\u00fcnder haben, stellt sich die Frage, wer wie viel investiert. Gerade das Personal verschlingt mit monatlichen Geh\u00e4ltern einen betr\u00e4chtlichen Teil der erzielten Ums\u00e4tze. Zus\u00e4tzlich m\u00fcssen Verantwortung, Zeitaufwand, Fachwissen und Kapitalspritzen im Notfall fr\u00fchzeitig gekl\u00e4rt werden. Nur so lassen sich m\u00f6gliche Missverst\u00e4ndnisse im Gr\u00fcnder-Team vermeiden. Wer diese wesentlichen Fragen vorab kl\u00e4rt, hat die erste H\u00fcrde als k\u00fcnftiger Unternehmer genommen.<\/span><\/p>\t\t\t\t\t\t<\/div>\n\t\t\t\t<\/div>\n\t\t\t\t<div class=\"elementor-element elementor-element-1d4d10c elementor-widget elementor-widget-heading\" data-id=\"1d4d10c\" data-element_type=\"widget\" data-widget_type=\"heading.default\">\n\t\t\t\t<div class=\"elementor-widget-container\">\n\t\t\t<h2 class=\"elementor-heading-title elementor-size-default\">2. Soliden Businessplan erstellen\n<\/h2>\t\t<\/div>\n\t\t\t\t<\/div>\n\t\t\t\t<div class=\"elementor-element elementor-element-92e592a elementor-widget elementor-widget-text-editor\" data-id=\"92e592a\" data-element_type=\"widget\" data-widget_type=\"text-editor.default\">\n\t\t\t\t<div class=\"elementor-widget-container\">\n\t\t\t\t\t\t\t<p><span style=\"font-weight: 400;\">F\u00fcr die meisten Gr\u00fcnder ein notwendiges \u00dcbel: das Erstellen des Businessplans. Dabei gilt der Businessplan als Herzst\u00fcck der unternehmerischen T\u00e4tigkeit, weil sich Prognosen f\u00fcr verschiedene Szenarien gut abbilden lassen. Der Businessplan verdeutlicht bestenfalls M\u00f6glichkeiten wie Risiken der geplanten Umsetzung. Das Schreiben des Businessplans gleicht einem Fahrplan des Gr\u00fcnders. Wegen der komplexen Sachlage ist die Zusammenarbeit mit Experten (Steuerberater) \u00e4u\u00dferst sinnvoll.<\/span><\/p>\t\t\t\t\t\t<\/div>\n\t\t\t\t<\/div>\n\t\t\t\t<div class=\"elementor-element elementor-element-3af6076 elementor-widget elementor-widget-heading\" data-id=\"3af6076\" data-element_type=\"widget\" data-widget_type=\"heading.default\">\n\t\t\t\t<div class=\"elementor-widget-container\">\n\t\t\t<h2 class=\"elementor-heading-title elementor-size-default\">3. Firmenname absichern lassen\n<\/h2>\t\t<\/div>\n\t\t\t\t<\/div>\n\t\t\t\t<div class=\"elementor-element elementor-element-05f6355 elementor-widget elementor-widget-text-editor\" data-id=\"05f6355\" data-element_type=\"widget\" data-widget_type=\"text-editor.default\">\n\t\t\t\t<div class=\"elementor-widget-container\">\n\t\t\t\t\t\t\t<p><span style=\"font-weight: 400;\">Super, wenn man f\u00fcr sein Unternehmen einen tollen Namen gefunden hat. Doch ob Name und Unternehmensgegenstand zul\u00e4ssig sind, wissen Gr\u00fcnder noch nicht. Absolut notwendig ist bei der Industrie- und Handelskammer (IHK) eine formlose Anfrage im Hinblick auf das neue Gesch\u00e4ftsmodell. Die IHK wei\u00df, ob der Name und Unternehmensgegenstand zul\u00e4ssig sind. Eine empfehlenswerte Verfahrensweise, weil die Praxis der Registergerichte in Deutschland nicht immer einheitlich ist.<\/span><\/p>\t\t\t\t\t\t<\/div>\n\t\t\t\t<\/div>\n\t\t\t\t<div class=\"elementor-element elementor-element-8236f17 elementor-widget elementor-widget-heading\" data-id=\"8236f17\" data-element_type=\"widget\" data-widget_type=\"heading.default\">\n\t\t\t\t<div class=\"elementor-widget-container\">\n\t\t\t<h2 class=\"elementor-heading-title elementor-size-default\">4. Wahl der Rechtsform und Gesellschaftsvertrages\n<\/h2>\t\t<\/div>\n\t\t\t\t<\/div>\n\t\t\t\t<div class=\"elementor-element elementor-element-67f709c elementor-widget elementor-widget-text-editor\" data-id=\"67f709c\" data-element_type=\"widget\" data-widget_type=\"text-editor.default\">\n\t\t\t\t<div class=\"elementor-widget-container\">\n\t\t\t\t\t\t\t<p><span style=\"font-weight: 400;\">Die Wahl der Rechtsform h\u00e4ngt auch ma\u00dfgeblich von der Risikobereitschaft ab. In Deutschland gibt es verschiedene Formen ein Unternehmen zu gestalten. Zur Auswahl stehen KG, OHG, GmbH, UG (haftungsbeschr\u00e4nkt) oder AG. Hat man eine Rechtsform gew\u00e4hlt, ergeben sich daraus gesetzliche Regelungen und Pflichten sowie Strukturen im Unternehmen. Alle Rechtsformen haben bestimmte Vor- und Nachteile, die man mit einem erfahrenen Berater besprechen sollte. In Deutschland ist die GmbH die beliebteste Form f\u00fcr junge Start-Ups. So bietet eine Mini-GmbH f\u00fcr finanzschwache Gr\u00fcnder Vorteile, weil sie ein Ansparen der Mindesteinlage aus den Erl\u00f6sen des Unternehmens erlaubt. Allerdings erh\u00f6ht sich das Unternehmensrisiko ohne ein entsprechendes Eigenkapital \u2013 das sollten Gr\u00fcnder unbedingt wissen. H\u00f6chste Priorit\u00e4t genie\u00dft auch die Erstellung des Gesellschaftsvertrages bzw. der Satzung. Der Vertrag legt die Rechten und Pflichten zwischen den Gesellschaftern fest und sollte sorgf\u00e4ltig in enger Zusammenarbeit mit einem Rechtsanwalt bzw. Notar gestaltet werden.<\/span><\/p>\t\t\t\t\t\t<\/div>\n\t\t\t\t<\/div>\n\t\t\t\t<div class=\"elementor-element elementor-element-4aa9695 elementor-widget elementor-widget-heading\" data-id=\"4aa9695\" data-element_type=\"widget\" data-widget_type=\"heading.default\">\n\t\t\t\t<div class=\"elementor-widget-container\">\n\t\t\t<h2 class=\"elementor-heading-title elementor-size-default\">5. Gesch\u00e4ftsf\u00fchrer und Stammkapital w\u00e4hlen\n<\/h2>\t\t<\/div>\n\t\t\t\t<\/div>\n\t\t\t\t<div class=\"elementor-element elementor-element-52a0fef elementor-widget elementor-widget-text-editor\" data-id=\"52a0fef\" data-element_type=\"widget\" data-widget_type=\"text-editor.default\">\n\t\t\t\t<div class=\"elementor-widget-container\">\n\t\t\t\t\t\t\t<p><span style=\"font-weight: 400;\">Steht die Unternehmensorganisation, ben\u00f6tigt die Firma einen oder mehrere Verantwortliche: den oder die Gesch\u00e4ftsf\u00fchrer. Wird ein Gesch\u00e4ftsf\u00fchrer berufen oder abberufen, muss eine sofortige Meldung an das Handelsregister folgen. Nach dem Eintrag ins Handelsregister gilt die Firma als gegr\u00fcndet. Gr\u00fcndet man eine GmbH betr\u00e4gt das Stammkapital mindestens 25.000 Euro. Die H\u00e4lfte dieses Betrages muss als Einlage eingezahlt werden, die andere H\u00e4lfte l\u00e4sst sich auch in Form von Sacheinlagen hinterlegen. Bei der UG (haftungsbeschr\u00e4nkt) muss das gesamte Stammkapital eingezahlt werden. Sacheinlagen sind nicht m\u00f6glich. Ein Tipp: Auch Gr\u00fcnder einer Einpersonengesellschaft sollten einen Gesch\u00e4ftsf\u00fchrer-Vertrag mit sich und der Gesellschaft abschlie\u00dfen.<\/span><\/p>\t\t\t\t\t\t<\/div>\n\t\t\t\t<\/div>\n\t\t\t\t<div class=\"elementor-element elementor-element-e6e843f elementor-widget elementor-widget-heading\" data-id=\"e6e843f\" data-element_type=\"widget\" data-widget_type=\"heading.default\">\n\t\t\t\t<div class=\"elementor-widget-container\">\n\t\t\t<h2 class=\"elementor-heading-title elementor-size-default\">6. Anmeldung bei \u00c4mtern nicht vergessen\n<\/h2>\t\t<\/div>\n\t\t\t\t<\/div>\n\t\t\t\t<div class=\"elementor-element elementor-element-b2a4b80 elementor-widget elementor-widget-text-editor\" data-id=\"b2a4b80\" data-element_type=\"widget\" data-widget_type=\"text-editor.default\">\n\t\t\t\t<div class=\"elementor-widget-container\">\n\t\t\t\t\t\t\t<p><span style=\"font-weight: 400;\">Jetzt, wo man so den b\u00fcrokratischen Schwung aufgenommen hat, gehen die anderen m\u00f6glichen Anmeldungen locker von der Hand. Wegen Steuergr\u00fcnden ist die Anmeldung der Gesellschaft beim Finanzamt f\u00fcr K\u00f6rperschaften notwendig. Zus\u00e4tzlich sollten Sie auch eine Umsatzsteuer-Identifikationsnummer (USt-IdNr.) beantragen. Ob Sie Ihr Unternehmen auch beim Gewerbeamt anmelden m\u00fcssen, h\u00e4ngt vom jeweiligen Fall ab.<\/span><\/p>\t\t\t\t\t\t<\/div>\n\t\t\t\t<\/div>\n\t\t\t\t<div class=\"elementor-element elementor-element-ddf53f1 elementor-widget elementor-widget-heading\" data-id=\"ddf53f1\" data-element_type=\"widget\" data-widget_type=\"heading.default\">\n\t\t\t\t<div class=\"elementor-widget-container\">\n\t\t\t<h2 class=\"elementor-heading-title elementor-size-default\">7. Richtige Versicherung w\u00e4hlen\n<\/h2>\t\t<\/div>\n\t\t\t\t<\/div>\n\t\t\t\t<div class=\"elementor-element elementor-element-02ef46d elementor-widget elementor-widget-text-editor\" data-id=\"02ef46d\" data-element_type=\"widget\" data-widget_type=\"text-editor.default\">\n\t\t\t\t<div class=\"elementor-widget-container\">\n\t\t\t\t\t\t\t<p><span style=\"font-weight: 400;\">Zur Absicherung des eigenen Unternehmens z\u00e4hlen auch notwendige Versicherungen, die Risiken minimieren. Was sind also die gr\u00f6\u00dften Risiken im eigenen Unternehmen? Und lohnen sich die Beitr\u00e4ge f\u00fcr Versicherungen? Hat man den notwendigen finanziellen Spielraum daf\u00fcr? Eine Betriebshaftpflichtversicherung d\u00fcrfte erste Wahl sein. Verkaufen Sie Produkte ist eine Produkthaftpflichtversicherung sinnvoll, die m\u00f6gliche Sch\u00e4den abdeckt. Wenn das Unternehmen noch weitere Mitarbeiter besch\u00e4ftigt, ist eine Unfallversicherung f\u00fcr die Angestellten absolute Pflicht.<\/span><\/p>\t\t\t\t\t\t<\/div>\n\t\t\t\t<\/div>\n\t\t\t\t<div class=\"elementor-element elementor-element-7e47b74 elementor-widget elementor-widget-heading\" data-id=\"7e47b74\" data-element_type=\"widget\" data-widget_type=\"heading.default\">\n\t\t\t\t<div class=\"elementor-widget-container\">\n\t\t\t<h2 class=\"elementor-heading-title elementor-size-default\">8. Ausstattung und Gesch\u00e4ftsr\u00e4ume suchen\n<\/h2>\t\t<\/div>\n\t\t\t\t<\/div>\n\t\t\t\t<div class=\"elementor-element elementor-element-09355ae elementor-widget elementor-widget-text-editor\" data-id=\"09355ae\" data-element_type=\"widget\" data-widget_type=\"text-editor.default\">\n\t\t\t\t<div class=\"elementor-widget-container\">\n\t\t\t\t\t\t\t<p><span style=\"font-weight: 400;\">Die Wahl der Gesch\u00e4ftsr\u00e4ume sollte gut durchdacht sein. Sie richtet sich auch nach der Frage, ob ich repr\u00e4sentative R\u00e4ume f\u00fcr den Kundenverkehr ben\u00f6tige, oder nur f\u00fcr mich und die Angestellten. Je nach entsprechender Lage bedingt das die Gr\u00f6\u00dfe der Gesch\u00e4ftsr\u00e4ume. Ohne passende Betriebsausstattung funktioniert kein Unternehmen. Mag das einheitliche Mobiliar noch ohne Probleme zu beschaffen sein, muss man sich \u00fcber die Technik perspektivische Gedanken machen. Sie sollte auf dem neuesten Stand sein, dar\u00fcber hinaus kompatibel mit den verwendeten Komponenten wie etwa Druckern. Auch an eine angenehme Arbeitsatmosph\u00e4re sollten Gr\u00fcnder denken. Extras wie Kicker-Tisch, hippe Sitzs\u00e4cke, Espressomaschinen oder gek\u00fchlte Getr\u00e4nke, verbessern die Mitarbeitermotivation und auch die langfristige Leistung der Belegschaft.<\/span><\/p>\t\t\t\t\t\t<\/div>\n\t\t\t\t<\/div>\n\t\t\t\t<div class=\"elementor-element elementor-element-9b538dd elementor-widget elementor-widget-heading\" data-id=\"9b538dd\" data-element_type=\"widget\" data-widget_type=\"heading.default\">\n\t\t\t\t<div class=\"elementor-widget-container\">\n\t\t\t<h2 class=\"elementor-heading-title elementor-size-default\">9. Image und Marke st\u00e4rken\n<\/h2>\t\t<\/div>\n\t\t\t\t<\/div>\n\t\t\t\t<div class=\"elementor-element elementor-element-f929a8d elementor-widget elementor-widget-text-editor\" data-id=\"f929a8d\" data-element_type=\"widget\" data-widget_type=\"text-editor.default\">\n\t\t\t\t<div class=\"elementor-widget-container\">\n\t\t\t\t\t\t\t<p><span style=\"font-weight: 400;\">Wer es soweit geschafft hat, befindet sich fast auf der Zielgerade. Nun geht es darum, dem Unternehmen ein einheitliches Image zu verpassen und Marketing-Ma\u00dfnahmen zu ergreifen. Dazu z\u00e4hlen eine Website und Profile in den wichtigsten Netzwerken, um eine Anlaufstelle f\u00fcr potenzielle Kunden zu bieten. Und nat\u00fcrlich gibt es kein Unternehmen ohne ein eigenes Image. Alles sollte im \u00f6ffentliche Auftreten einheitlich sein \u2013 vom Logo \u00fcber Werbema\u00dfnahmen. Schlie\u00dflich sind gro\u00dfe Marken schon an der Schrift zu erkennen. Ebenfalls nicht zu vergessen: die im Business-Plan vorgestellten PR- und Marketing-Ma\u00dfnahmen umzusetzen. So macht man sein Unternehmen bekannt und betreibt aktiv Kunden- und Nutzerakquise.<\/span><\/p>\t\t\t\t\t\t<\/div>\n\t\t\t\t<\/div>\n\t\t\t\t<div class=\"elementor-element elementor-element-c7070f4 elementor-widget elementor-widget-heading\" data-id=\"c7070f4\" data-element_type=\"widget\" data-widget_type=\"heading.default\">\n\t\t\t\t<div class=\"elementor-widget-container\">\n\t\t\t<h2 class=\"elementor-heading-title elementor-size-default\">Unternehmensgr\u00fcndung: Alles Infos auf einem Blick<\/h2>\t\t<\/div>\n\t\t\t\t<\/div>\n\t\t\t\t<div class=\"elementor-element elementor-element-13481a5 elementor-widget elementor-widget-text-editor\" data-id=\"13481a5\" data-element_type=\"widget\" data-widget_type=\"text-editor.default\">\n\t\t\t\t<div class=\"elementor-widget-container\">\n\t\t\t\t\t\t\t<ul><li><a href=\"https:\/\/vimcar.de\/boxenstopp\/gruender\/unternehmensgruendung\/\">Unternehmensgr\u00fcndung<\/a><\/li><li><a href=\"https:\/\/vimcar.de\/boxenstopp\/gruender\/diese-fehler-sollten-existenzgruender-vermeiden\/\">Diese Fehler sollten Existenzgr\u00fcnder vermeiden<\/a><\/li><li><a href=\"https:\/\/vimcar.de\/boxenstopp\/gruender\/gruendung-lieferdienst\/\">Gr\u00fcndung eines Lieferdienstes<\/a><\/li><li><a href=\"https:\/\/vimcar.de\/boxenstopp\/gruender\/gruendung-pflegedienst\">Gr\u00fcndung eines Pflegedienstes<\/a><\/li><li><a href=\"https:\/\/vimcar.de\/boxenstopp\/gruender\/gruendung-eines-handwerksbetriebs\/\">Gr\u00fcndung eines Handwerksbetriebs<\/a><\/li><li><a href=\"https:\/\/vimcar.de\/boxenstopp\/blog\/digitalisierung-spart-zeit-und-geld\/\">Digitalisierung spart Zeit und Geld\u00a0<\/a><\/li><li><a href=\"https:\/\/vimcar.de\/boxenstopp\/blog\/rolle-mobilitaet-fuer-unternehmenserfolg\/\">Die Rolle von Mobilit\u00e4t f\u00fcr den Unternehmenserfolg<\/a><\/li><li><a href=\"https:\/\/vimcar.de\/boxenstopp\/gruender\/beschaffung\/\">Beschaffung f\u00fcr Gr\u00fcnder<\/a><\/li><li><a href=\"https:\/\/vimcar.de\/fahrtenbuch\/apps\">Fahrtenbuch App<\/a>s als Versteuerungsmethode<\/li><li><a href=\"https:\/\/vimcar.de\/boxenstopp\/blog\/lieferdienst-weihnachtsgeschaeft\/\">Lieferdienste im Weihnachtsgesch\u00e4ft<\/a><\/li><\/ul>\t\t\t\t\t\t<\/div>\n\t\t\t\t<\/div>\n\t\t\t\t\t<\/div>\n\t\t<\/div>\n\t\t\t\t\t<\/div>\n\t\t<\/section>\n\t\t\t\t<section class=\"elementor-section elementor-top-section elementor-element elementor-element-8f47a73 elementor-section-boxed elementor-section-height-default elementor-section-height-default\" data-id=\"8f47a73\" data-element_type=\"section\">\n\t\t\t\t\t\t<div class=\"elementor-container elementor-column-gap-default\">\n\t\t\t\t\t<div class=\"elementor-column elementor-col-100 elementor-top-column elementor-element elementor-element-3415df0\" data-id=\"3415df0\" data-element_type=\"column\">\n\t\t\t<div class=\"elementor-widget-wrap\">\n\t\t\t\t\t\t\t<\/div>\n\t\t<\/div>\n\t\t\t\t\t<\/div>\n\t\t<\/section>\n\t\t\t\t<\/div>\n\t\t","protected":false},"excerpt":{"rendered":"<p>\u201eAls Gr\u00fcnder sollte ich in drei bis vier S\u00e4tzen glasklar sagen k\u00f6nnen, was ich mache. Das sollte selbst dann der Fall sein, wenn ich nachts betrunken geweckt werde\u201c, sagt Unternehmer Frank Thelen, Mitglied der Jury bei der TV-Show \u201eDie H\u00f6hle der L\u00f6wen\u201c. Damit hat er recht. Denn viele Jungunternehmer haben zwar Vorstellungen, k\u00f6nnen diese aber [&hellip;]<\/p>\n","protected":false},"author":74,"featured_media":0,"parent":9681,"menu_order":0,"comment_status":"closed","ping_status":"closed","template":"","meta":{"footnotes":"","_wp_rev_ctl_limit":""},"yoast_head":"<!-- This site is optimized with the Yoast SEO Premium plugin v21.5 (Yoast SEO v21.5) - https:\/\/yoast.com\/wordpress\/plugins\/seo\/ -->\n<title>In neun Schritten zum eigenen Unternehmen - alle Tipps<\/title>\n<meta name=\"description\" content=\"M\u00f6chten Sie in 9 Schritten zum eigenen Unternehmen? Erfahren Sie hier, was Sie alles beachten m\u00fcssen. Jetzt weiterlesen &amp; loslegen!\" \/>\n<meta name=\"robots\" content=\"index, follow, max-snippet:-1, max-image-preview:large, max-video-preview:-1\" \/>\n<link rel=\"canonical\" href=\"https:\/\/vimcar.de\/boxenstopp\/gruender\/in-neun-schritten-zum-eigenen-unternehmen\/\" \/>\n<meta property=\"og:locale\" content=\"de_DE\" \/>\n<meta property=\"og:type\" content=\"article\" \/>\n<meta property=\"og:title\" content=\"In neun Schritten zum eigenen Unternehmen\" \/>\n<meta property=\"og:description\" content=\"M\u00f6chten Sie in 9 Schritten zum eigenen Unternehmen? Erfahren Sie hier, was Sie alles beachten m\u00fcssen. Jetzt weiterlesen &amp; loslegen!\" \/>\n<meta property=\"og:url\" content=\"https:\/\/vimcar.de\/boxenstopp\/gruender\/in-neun-schritten-zum-eigenen-unternehmen\/\" \/>\n<meta property=\"og:site_name\" content=\"Vimcar Boxenstopp\" \/>\n<meta property=\"article:publisher\" content=\"https:\/\/www.facebook.com\/vimcar\" \/>\n<meta property=\"article:modified_time\" content=\"2020-12-08T08:14:42+00:00\" \/>\n<meta name=\"twitter:card\" content=\"summary_large_image\" \/>\n<meta name=\"twitter:site\" content=\"@goVimcar\" \/>\n<meta name=\"twitter:label1\" content=\"Gesch\u00e4tzte Lesezeit\" \/>\n\t<meta name=\"twitter:data1\" content=\"6\u00a0Minuten\" \/>\n<!-- \/ Yoast SEO Premium plugin. -->","yoast_head_json":{"title":"In neun Schritten zum eigenen Unternehmen - alle Tipps","description":"M\u00f6chten Sie in 9 Schritten zum eigenen Unternehmen? Erfahren Sie hier, was Sie alles beachten m\u00fcssen. Jetzt weiterlesen & loslegen!","robots":{"index":"index","follow":"follow","max-snippet":"max-snippet:-1","max-image-preview":"max-image-preview:large","max-video-preview":"max-video-preview:-1"},"canonical":"https:\/\/vimcar.de\/boxenstopp\/gruender\/in-neun-schritten-zum-eigenen-unternehmen\/","og_locale":"de_DE","og_type":"article","og_title":"In neun Schritten zum eigenen Unternehmen","og_description":"M\u00f6chten Sie in 9 Schritten zum eigenen Unternehmen? Erfahren Sie hier, was Sie alles beachten m\u00fcssen. Jetzt weiterlesen & loslegen!","og_url":"https:\/\/vimcar.de\/boxenstopp\/gruender\/in-neun-schritten-zum-eigenen-unternehmen\/","og_site_name":"Vimcar Boxenstopp","article_publisher":"https:\/\/www.facebook.com\/vimcar","article_modified_time":"2020-12-08T08:14:42+00:00","twitter_card":"summary_large_image","twitter_site":"@goVimcar","twitter_misc":{"Gesch\u00e4tzte Lesezeit":"6\u00a0Minuten"},"schema":{"@context":"https:\/\/schema.org","@graph":[{"@type":"WebPage","@id":"https:\/\/vimcar.de\/boxenstopp\/gruender\/in-neun-schritten-zum-eigenen-unternehmen\/","url":"https:\/\/vimcar.de\/boxenstopp\/gruender\/in-neun-schritten-zum-eigenen-unternehmen\/","name":"In neun Schritten zum eigenen Unternehmen - alle Tipps","isPartOf":{"@id":"https:\/\/vimcar.de\/boxenstopp\/#website"},"datePublished":"2020-04-03T14:18:01+00:00","dateModified":"2020-12-08T08:14:42+00:00","description":"M\u00f6chten Sie in 9 Schritten zum eigenen Unternehmen? Erfahren Sie hier, was Sie alles beachten m\u00fcssen. Jetzt weiterlesen & loslegen!","breadcrumb":{"@id":"https:\/\/vimcar.de\/boxenstopp\/gruender\/in-neun-schritten-zum-eigenen-unternehmen\/#breadcrumb"},"inLanguage":"de","potentialAction":[{"@type":"ReadAction","target":["https:\/\/vimcar.de\/boxenstopp\/gruender\/in-neun-schritten-zum-eigenen-unternehmen\/"]}]},{"@type":"BreadcrumbList","@id":"https:\/\/vimcar.de\/boxenstopp\/gruender\/in-neun-schritten-zum-eigenen-unternehmen\/#breadcrumb","itemListElement":[{"@type":"ListItem","position":1,"name":"Startseite","item":"https:\/\/vimcar.de\/boxenstopp\/"},{"@type":"ListItem","position":2,"name":"Richtig Gr\u00fcnden: Das 1&#215;1 der Unternehmensgr\u00fcndung","item":"https:\/\/vimcar.de\/boxenstopp\/gruender\/"},{"@type":"ListItem","position":3,"name":"In neun Schritten zum eigenen Unternehmen"}]},{"@type":"WebSite","@id":"https:\/\/vimcar.de\/boxenstopp\/#website","url":"https:\/\/vimcar.de\/boxenstopp\/","name":"Vimcar Boxenstopp","description":"- Die Lernplattform f\u00fcr Fuhrparkleiter","publisher":{"@id":"https:\/\/vimcar.de\/boxenstopp\/#organization"},"potentialAction":[{"@type":"SearchAction","target":{"@type":"EntryPoint","urlTemplate":"https:\/\/vimcar.de\/boxenstopp\/?s={search_term_string}"},"query-input":"required name=search_term_string"}],"inLanguage":"de"},{"@type":"Organization","@id":"https:\/\/vimcar.de\/boxenstopp\/#organization","name":"Vimcar Boxenstopp - Fuhrparkwissen","url":"https:\/\/vimcar.de\/boxenstopp\/","logo":{"@type":"ImageObject","inLanguage":"de","@id":"https:\/\/vimcar.de\/boxenstopp\/#\/schema\/logo\/image\/","url":"https:\/\/vimcar.de\/boxenstopp\/wp-content\/uploads\/2020\/10\/logo-vimcar-boxenstopp.png","contentUrl":"https:\/\/vimcar.de\/boxenstopp\/wp-content\/uploads\/2020\/10\/logo-vimcar-boxenstopp.png","width":250,"height":50,"caption":"Vimcar Boxenstopp - Fuhrparkwissen"},"image":{"@id":"https:\/\/vimcar.de\/boxenstopp\/#\/schema\/logo\/image\/"},"sameAs":["https:\/\/www.facebook.com\/vimcar","https:\/\/twitter.com\/goVimcar","https:\/\/www.instagram.com\/vimcar_official\/","https:\/\/de.linkedin.com\/company\/vimcar","https:\/\/www.pinterest.de\/vimcar\/","https:\/\/www.youtube.com\/channel\/UCWRajoA7OnWsAw-ezAahZPg"]}]}},"_links":{"self":[{"href":"https:\/\/vimcar.de\/boxenstopp\/wp-json\/wp\/v2\/pages\/10132"}],"collection":[{"href":"https:\/\/vimcar.de\/boxenstopp\/wp-json\/wp\/v2\/pages"}],"about":[{"href":"https:\/\/vimcar.de\/boxenstopp\/wp-json\/wp\/v2\/types\/page"}],"author":[{"embeddable":true,"href":"https:\/\/vimcar.de\/boxenstopp\/wp-json\/wp\/v2\/users\/74"}],"replies":[{"embeddable":true,"href":"https:\/\/vimcar.de\/boxenstopp\/wp-json\/wp\/v2\/comments?post=10132"}],"version-history":[{"count":0,"href":"https:\/\/vimcar.de\/boxenstopp\/wp-json\/wp\/v2\/pages\/10132\/revisions"}],"up":[{"embeddable":true,"href":"https:\/\/vimcar.de\/boxenstopp\/wp-json\/wp\/v2\/pages\/9681"}],"wp:attachment":[{"href":"https:\/\/vimcar.de\/boxenstopp\/wp-json\/wp\/v2\/media?parent=10132"}],"curies":[{"name":"wp","href":"https:\/\/api.w.org\/{rel}","templated":true}]}}