{"id":1165,"date":"2019-05-08T10:59:38","date_gmt":"2019-05-08T08:59:38","guid":{"rendered":"https:\/\/vimcar.de\/boxenstopp\/?page_id=1165"},"modified":"2022-08-09T17:18:35","modified_gmt":"2022-08-09T15:18:35","slug":"dlu345806%c2%a74frko","status":"publish","type":"page","link":"https:\/\/vimcar.de\/boxenstopp\/2ss59foad\/ss495sss435fdggh\/dlu345806%c2%a74frko\/","title":{"rendered":"J\u00e4hrliche Fahrerunterweisung nach UVV"},"content":{"rendered":"\t\t<div data-elementor-type=\"wp-page\" data-elementor-id=\"1165\" class=\"elementor elementor-1165\" data-elementor-post-type=\"page\">\n\t\t\t\t\t\t<section class=\"elementor-section elementor-top-section elementor-element elementor-element-408d0dee elementor-section-boxed elementor-section-height-default elementor-section-height-default\" data-id=\"408d0dee\" data-element_type=\"section\">\n\t\t\t\t\t\t<div class=\"elementor-container elementor-column-gap-default\">\n\t\t\t\t\t<div class=\"elementor-column elementor-col-100 elementor-top-column elementor-element elementor-element-7e7ac742\" data-id=\"7e7ac742\" data-element_type=\"column\">\n\t\t\t<div class=\"elementor-widget-wrap elementor-element-populated\">\n\t\t\t\t\t\t<div class=\"elementor-element elementor-element-a83570d elementor-widget elementor-widget-heading\" data-id=\"a83570d\" data-element_type=\"widget\" data-widget_type=\"heading.default\">\n\t\t\t\t<div class=\"elementor-widget-container\">\n\t\t\t<h2 class=\"elementor-heading-title elementor-size-default\">\u00dcber diese Lektion<\/h2>\t\t<\/div>\n\t\t\t\t<\/div>\n\t\t\t\t<div class=\"elementor-element elementor-element-ef48104 elementor-widget elementor-widget-text-editor\" data-id=\"ef48104\" data-element_type=\"widget\" data-widget_type=\"text-editor.default\">\n\t\t\t\t<div class=\"elementor-widget-container\">\n\t\t\t\t\t\t\t<p>Herzlich willkommen zum vierten Video des Kurses \u201cUVV im Fuhrpark &#8211; Pflichten und Durchf\u00fchrung\u201d. In diesem Video erfahren Sie, was die j\u00e4hrliche Fahrerunterweisung nach UVV beinhaltet. Neben der Erstunterweisung stellt diese eine wichtige UVV Pflicht dar. In dem Video erfahren Sie, was die j\u00e4hrliche Unterweisung beinhaltet und wie Sie die Schulung m\u00f6glichst einfach durchf\u00fchren k\u00f6nnen. Klicken Sie jetzt auf das Video und informieren sich. Viel Spa\u00df!<\/p>\t\t\t\t\t\t<\/div>\n\t\t\t\t<\/div>\n\t\t\t\t<div class=\"elementor-element elementor-element-2ea55e0 elementor-widget elementor-widget-heading\" data-id=\"2ea55e0\" data-element_type=\"widget\" data-widget_type=\"heading.default\">\n\t\t\t\t<div class=\"elementor-widget-container\">\n\t\t\t<h2 class=\"elementor-heading-title elementor-size-default\">Video Nr. 4: J\u00e4hrliche Fahrerunterweisung nach UVV\n<\/h2>\t\t<\/div>\n\t\t\t\t<\/div>\n\t\t\t\t<div class=\"elementor-element elementor-element-e739e57 elementor-widget elementor-widget-video\" data-id=\"e739e57\" data-element_type=\"widget\" data-settings=\"{&quot;youtube_url&quot;:&quot;https:\\\/\\\/www.youtube.com\\\/watch?v=zvrilQqrBi4&quot;,&quot;video_type&quot;:&quot;youtube&quot;,&quot;controls&quot;:&quot;yes&quot;}\" data-widget_type=\"video.default\">\n\t\t\t\t<div class=\"elementor-widget-container\">\n\t\t\t\t\t<div class=\"elementor-wrapper elementor-open-inline\">\n\t\t\t<div class=\"elementor-video\"><\/div>\t\t<\/div>\n\t\t\t\t<\/div>\n\t\t\t\t<\/div>\n\t\t\t\t<div class=\"elementor-element elementor-element-cbaf1f8 elementor-widget elementor-widget-heading\" data-id=\"cbaf1f8\" data-element_type=\"widget\" data-widget_type=\"heading.default\">\n\t\t\t\t<div class=\"elementor-widget-container\">\n\t\t\t<h2 class=\"elementor-heading-title elementor-size-default\">Ressourcenbereich<\/h2>\t\t<\/div>\n\t\t\t\t<\/div>\n\t\t\t\t<div class=\"elementor-element elementor-element-97b66f8 elementor-widget elementor-widget-text-editor\" data-id=\"97b66f8\" data-element_type=\"widget\" data-widget_type=\"text-editor.default\">\n\t\t\t\t<div class=\"elementor-widget-container\">\n\t\t\t\t\t\t\t<p>Laden Sie hier alle im Video erw\u00e4hnten Ressourcen kostenlos herunter.<\/p>\n<ul>\n<li><a href=\"http:\/\/s3.eu-central-1.amazonaws.com\/assets.vimcar.de\/20190326_UVV_Unterweisung.pdf\" target=\"_blank\" rel=\"noreferrer noopener\" aria-label=\"Protokoll zur j\u00e4hrlichen Fahrerunterweisung (\u00f6ffnet in neuem Tab)\">Protokoll zur j\u00e4hrlichen Fahrerunterweisung<\/a><\/li>\n<li><a href=\"http:\/\/s3.eu-central-1.amazonaws.com\/assets.vimcar.de\/J%C3%A4hrliche%20Fahrerunterweisung_Fragebogen.pdf\" target=\"_blank\" rel=\"noreferrer noopener\" aria-label=\"Test-Vorlage f\u00fcr die Fahrer (nach der Schulung) (\u00f6ffnet in neuem Tab)\">Test-Vorlage f\u00fcr die Fahrer (nach der Schulung)<\/a><\/li>\n<li><a href=\"http:\/\/s3.eu-central-1.amazonaws.com\/assets.vimcar.de\/J%C3%A4hrliche%20Fahrerunterweisung_L%C3%B6sungsbogen.pdf\" target=\"_blank\" rel=\"noreferrer noopener\" aria-label=\"L\u00f6sungsblatt f\u00fcr Test-Vorlage (f\u00fcr Sie zur Kontrolle) (\u00f6ffnet in neuem Tab)\">L\u00f6sungsblatt f\u00fcr Test-Vorlage (f\u00fcr Sie zur Kontrolle)<\/a><\/li>\n<li><a href=\"https:\/\/vimcar.de\/boxenstopp\/blog\/erkaeltungszeit\" target=\"_blank\">Exkurs Erk\u00e4ltungszeit&nbsp;<\/a><\/li><li><a href=\"http:\/\/s3.eu-central-1.amazonaws.com\/assets.vimcar.de\/190412_anbietervergleich_UVV.pdf\" target=\"_blank\" rel=\"noreferrer noopener\" aria-label=\"eBook Anbietervergleich Online-UVV-Schulungen (\u00f6ffnet in neuem Tab)\" style=\"text-align: inherit; font-family: var( --e-global-typography-text-font-family ), Source Sans Pro; font-weight: var( --e-global-typography-text-font-weight );\">eBook Anbietervergleich Online-UVV-Schulungen<\/a><br><\/li>\n<\/ul>\t\t\t\t\t\t<\/div>\n\t\t\t\t<\/div>\n\t\t\t\t<div class=\"elementor-element elementor-element-9f4261a elementor-widget elementor-widget-heading\" data-id=\"9f4261a\" data-element_type=\"widget\" data-widget_type=\"heading.default\">\n\t\t\t\t<div class=\"elementor-widget-container\">\n\t\t\t<h2 class=\"elementor-heading-title elementor-size-default\">Zum n\u00e4chsten Video<\/h2>\t\t<\/div>\n\t\t\t\t<\/div>\n\t\t\t\t<div class=\"elementor-element elementor-element-cdc8e6a elementor-widget elementor-widget-text-editor\" data-id=\"cdc8e6a\" data-element_type=\"widget\" data-widget_type=\"text-editor.default\">\n\t\t\t\t<div class=\"elementor-widget-container\">\n\t\t\t\t\t\t\t<p>Wir hoffen, Ihnen hat unser Video zu der j\u00e4hrlichen Fahrerunterweisung gefallen. Neben den Unterweisungen der Fahrer sind auch Fahrzeugkontrollen nach der UVV vorgeschrieben. Was die einzelnen Kontrollen beinhalten, erfahren Sie in den n\u00e4chsten Videos.<\/p>\n<p>Das f\u00fcnfte Video erkl\u00e4rt Ihnen, was die t\u00e4gliche Fahrzeugkontrolle durch Ihre Fahrer beinhaltet. Sie erfahren, welche einzelnen Themen die Pr\u00fcfung beinhaltet. Au\u00dferdem lernen Sie, wie Sie die Kontrolle am einfachsten durchf\u00fchren k\u00f6nnen.<\/p>\n<p>Um das n\u00e4chste Video anzuschauen, klicken Sie auf den folgenden Button.<\/p>\t\t\t\t\t\t<\/div>\n\t\t\t\t<\/div>\n\t\t\t\t\t<\/div>\n\t\t<\/div>\n\t\t\t\t\t<\/div>\n\t\t<\/section>\n\t\t\t\t<section class=\"elementor-section elementor-top-section elementor-element elementor-element-a2c2142 elementor-section-boxed elementor-section-height-default elementor-section-height-default\" data-id=\"a2c2142\" data-element_type=\"section\">\n\t\t\t\t\t\t<div class=\"elementor-container elementor-column-gap-default\">\n\t\t\t\t\t<div class=\"elementor-column elementor-col-100 elementor-top-column elementor-element elementor-element-cb6b399\" data-id=\"cb6b399\" data-element_type=\"column\">\n\t\t\t<div class=\"elementor-widget-wrap elementor-element-populated\">\n\t\t\t\t\t\t<div class=\"elementor-element elementor-element-49e6264 elementor-widget elementor-widget-button\" data-id=\"49e6264\" data-element_type=\"widget\" data-widget_type=\"button.default\">\n\t\t\t\t<div class=\"elementor-widget-container\">\n\t\t\t\t\t<div class=\"elementor-button-wrapper\">\n\t\t\t<a class=\"elementor-button elementor-button-link elementor-size-lg\" href=\"https:\/\/vimcar.de\/boxenstopp\/2ss59foad\/ss495sss435fdggh\/wyxpwldasheu5093aq\/\">\n\t\t\t\t\t\t<span class=\"elementor-button-content-wrapper\">\n\t\t\t\t\t\t\t\t\t<span class=\"elementor-button-text\">jetzt anschauen<\/span>\n\t\t\t\t\t<\/span>\n\t\t\t\t\t<\/a>\n\t\t<\/div>\n\t\t\t\t<\/div>\n\t\t\t\t<\/div>\n\t\t\t\t<div class=\"elementor-element elementor-element-f99ac7a elementor-widget-divider--separator-type-pattern elementor-widget-divider--view-line elementor-widget elementor-widget-divider\" data-id=\"f99ac7a\" data-element_type=\"widget\" data-widget_type=\"divider.default\">\n\t\t\t\t<div class=\"elementor-widget-container\">\n\t\t\t\t\t<div class=\"elementor-divider\" style=\"--divider-pattern-url: url(&quot;data:image\/svg+xml,%3Csvg xmlns=&#039;http:\/\/www.w3.org\/2000\/svg&#039; preserveAspectRatio=&#039;none&#039; overflow=&#039;visible&#039; height=&#039;100%&#039; viewBox=&#039;0 0 20 16&#039; fill=&#039;none&#039; stroke=&#039;black&#039; stroke-width=&#039;1&#039; stroke-linecap=&#039;square&#039; stroke-miterlimit=&#039;10&#039;%3E%3Cg transform=&#039;translate(-12.000000, 0)&#039;%3E%3Cpath d=&#039;M28,0L10,18&#039;\/%3E%3Cpath d=&#039;M18,0L0,18&#039;\/%3E%3Cpath d=&#039;M48,0L30,18&#039;\/%3E%3Cpath d=&#039;M38,0L20,18&#039;\/%3E%3C\/g%3E%3C\/svg%3E&quot;);\">\n\t\t\t<span class=\"elementor-divider-separator\">\n\t\t\t\t\t\t<\/span>\n\t\t<\/div>\n\t\t\t\t<\/div>\n\t\t\t\t<\/div>\n\t\t\t\t\t<\/div>\n\t\t<\/div>\n\t\t\t\t\t<\/div>\n\t\t<\/section>\n\t\t\t\t<section class=\"elementor-section elementor-top-section elementor-element elementor-element-207173d elementor-section-boxed elementor-section-height-default elementor-section-height-default\" data-id=\"207173d\" data-element_type=\"section\">\n\t\t\t\t\t\t<div class=\"elementor-container elementor-column-gap-default\">\n\t\t\t\t\t<div class=\"elementor-column elementor-col-100 elementor-top-column elementor-element elementor-element-df8f4e4\" data-id=\"df8f4e4\" data-element_type=\"column\">\n\t\t\t<div class=\"elementor-widget-wrap elementor-element-populated\">\n\t\t\t\t\t\t<div class=\"elementor-element elementor-element-9147364 elementor-widget elementor-widget-button\" data-id=\"9147364\" data-element_type=\"widget\" data-widget_type=\"button.default\">\n\t\t\t\t<div class=\"elementor-widget-container\">\n\t\t\t\t\t<div class=\"elementor-button-wrapper\">\n\t\t\t<a class=\"elementor-button elementor-button-link elementor-size-sm\" href=\"https:\/\/vimcar.de\/boxenstopp\/2ss59foad\/ss495sss435fdggh\/\">\n\t\t\t\t\t\t<span class=\"elementor-button-content-wrapper\">\n\t\t\t\t\t\t<span class=\"elementor-button-icon\">\n\t\t\t\t<svg aria-hidden=\"true\" class=\"e-font-icon-svg e-fas-arrow-left\" viewBox=\"0 0 448 512\" xmlns=\"http:\/\/www.w3.org\/2000\/svg\"><path d=\"M257.5 445.1l-22.2 22.2c-9.4 9.4-24.6 9.4-33.9 0L7 273c-9.4-9.4-9.4-24.6 0-33.9L201.4 44.7c9.4-9.4 24.6-9.4 33.9 0l22.2 22.2c9.5 9.5 9.3 25-.4 34.3L136.6 216H424c13.3 0 24 10.7 24 24v32c0 13.3-10.7 24-24 24H136.6l120.5 114.8c9.8 9.3 10 24.8.4 34.3z\"><\/path><\/svg>\t\t\t<\/span>\n\t\t\t\t\t\t\t\t\t<span class=\"elementor-button-text\"> zur Kurs\u00fcbersicht<\/span>\n\t\t\t\t\t<\/span>\n\t\t\t\t\t<\/a>\n\t\t<\/div>\n\t\t\t\t<\/div>\n\t\t\t\t<\/div>\n\t\t\t\t\t<\/div>\n\t\t<\/div>\n\t\t\t\t\t<\/div>\n\t\t<\/section>\n\t\t\t\t<\/div>\n\t\t","protected":false},"excerpt":{"rendered":"<p>\u00dcber diese Lektion Herzlich willkommen zum vierten Video des Kurses \u201cUVV im Fuhrpark &#8211; Pflichten und Durchf\u00fchrung\u201d. In diesem Video erfahren Sie, was die j\u00e4hrliche Fahrerunterweisung nach UVV beinhaltet. Neben der Erstunterweisung stellt diese eine wichtige UVV Pflicht dar. In dem Video erfahren Sie, was die j\u00e4hrliche Unterweisung beinhaltet und wie Sie die Schulung m\u00f6glichst [&hellip;]<\/p>\n","protected":false},"author":74,"featured_media":0,"parent":7143,"menu_order":-18,"comment_status":"closed","ping_status":"closed","template":"","meta":{"footnotes":"","_wp_rev_ctl_limit":""},"yoast_head":"<!-- This site is optimized with the Yoast SEO Premium plugin v21.5 (Yoast SEO v21.5) - https:\/\/yoast.com\/wordpress\/plugins\/seo\/ -->\n<title>J\u00e4hrliche Fahrerunterweisung nach UVV - Vimcar Boxenstopp<\/title>\n<meta name=\"description\" content=\"Schauen Sie sich jetzt das vierte Video des Kurses &quot;UVV im Fuhrpark - Pflichten und Durchf\u00fchrung&quot; an. Viel Spa\u00df beim Video!\" \/>\n<meta name=\"robots\" content=\"noindex, follow\" \/>\n<meta property=\"og:locale\" content=\"de_DE\" \/>\n<meta property=\"og:type\" content=\"article\" \/>\n<meta property=\"og:title\" content=\"J\u00e4hrliche Fahrerunterweisung nach UVV\" \/>\n<meta property=\"og:description\" content=\"Schauen Sie sich jetzt das vierte Video des Kurses &quot;UVV im Fuhrpark - Pflichten und Durchf\u00fchrung&quot; an. Viel Spa\u00df beim Video!\" \/>\n<meta property=\"og:url\" content=\"https:\/\/vimcar.de\/boxenstopp\/2ss59foad\/ss495sss435fdggh\/dlu345806\u00a74frko\/\" \/>\n<meta property=\"og:site_name\" content=\"Vimcar Boxenstopp\" \/>\n<meta property=\"article:publisher\" content=\"https:\/\/www.facebook.com\/vimcar\" \/>\n<meta property=\"article:modified_time\" content=\"2022-08-09T15:18:35+00:00\" \/>\n<meta name=\"twitter:card\" content=\"summary_large_image\" \/>\n<meta name=\"twitter:site\" content=\"@goVimcar\" \/>\n<meta name=\"twitter:label1\" content=\"Gesch\u00e4tzte Lesezeit\" \/>\n\t<meta name=\"twitter:data1\" content=\"2\u00a0Minuten\" \/>\n<!-- \/ Yoast SEO Premium plugin. -->","yoast_head_json":{"title":"J\u00e4hrliche Fahrerunterweisung nach UVV - Vimcar Boxenstopp","description":"Schauen Sie sich jetzt das vierte Video des Kurses \"UVV im Fuhrpark - Pflichten und Durchf\u00fchrung\" an. Viel Spa\u00df beim Video!","robots":{"index":"noindex","follow":"follow"},"og_locale":"de_DE","og_type":"article","og_title":"J\u00e4hrliche Fahrerunterweisung nach UVV","og_description":"Schauen Sie sich jetzt das vierte Video des Kurses \"UVV im Fuhrpark - Pflichten und Durchf\u00fchrung\" an. Viel Spa\u00df beim Video!","og_url":"https:\/\/vimcar.de\/boxenstopp\/2ss59foad\/ss495sss435fdggh\/dlu345806\u00a74frko\/","og_site_name":"Vimcar Boxenstopp","article_publisher":"https:\/\/www.facebook.com\/vimcar","article_modified_time":"2022-08-09T15:18:35+00:00","twitter_card":"summary_large_image","twitter_site":"@goVimcar","twitter_misc":{"Gesch\u00e4tzte Lesezeit":"2\u00a0Minuten"},"schema":{"@context":"https:\/\/schema.org","@graph":[{"@type":"WebPage","@id":"https:\/\/vimcar.de\/boxenstopp\/2ss59foad\/ss495sss435fdggh\/dlu345806%c2%a74frko\/","url":"https:\/\/vimcar.de\/boxenstopp\/2ss59foad\/ss495sss435fdggh\/dlu345806%c2%a74frko\/","name":"J\u00e4hrliche Fahrerunterweisung nach UVV - Vimcar Boxenstopp","isPartOf":{"@id":"https:\/\/vimcar.de\/boxenstopp\/#website"},"datePublished":"2019-05-08T08:59:38+00:00","dateModified":"2022-08-09T15:18:35+00:00","description":"Schauen Sie sich jetzt das vierte Video des Kurses \"UVV im Fuhrpark - Pflichten und Durchf\u00fchrung\" an. Viel Spa\u00df beim Video!","breadcrumb":{"@id":"https:\/\/vimcar.de\/boxenstopp\/2ss59foad\/ss495sss435fdggh\/dlu345806%c2%a74frko\/#breadcrumb"},"inLanguage":"de","potentialAction":[{"@type":"ReadAction","target":["https:\/\/vimcar.de\/boxenstopp\/2ss59foad\/ss495sss435fdggh\/dlu345806%c2%a74frko\/"]}]},{"@type":"BreadcrumbList","@id":"https:\/\/vimcar.de\/boxenstopp\/2ss59foad\/ss495sss435fdggh\/dlu345806%c2%a74frko\/#breadcrumb","itemListElement":[{"@type":"ListItem","position":1,"name":"Startseite","item":"https:\/\/vimcar.de\/boxenstopp\/"},{"@type":"ListItem","position":2,"name":"\u00dcbersicht Online-Kurse","item":"https:\/\/vimcar.de\/boxenstopp\/2ss59foad\/"},{"@type":"ListItem","position":3,"name":"Einf\u00fchrung in die UVV &#8211; Pflichten &#038; Durchf\u00fchrung","item":"https:\/\/vimcar.de\/boxenstopp\/2ss59foad\/ss495sss435fdggh\/"},{"@type":"ListItem","position":4,"name":"J\u00e4hrliche Fahrerunterweisung nach UVV"}]},{"@type":"WebSite","@id":"https:\/\/vimcar.de\/boxenstopp\/#website","url":"https:\/\/vimcar.de\/boxenstopp\/","name":"Vimcar Boxenstopp","description":"- Die Lernplattform f\u00fcr Fuhrparkleiter","publisher":{"@id":"https:\/\/vimcar.de\/boxenstopp\/#organization"},"potentialAction":[{"@type":"SearchAction","target":{"@type":"EntryPoint","urlTemplate":"https:\/\/vimcar.de\/boxenstopp\/?s={search_term_string}"},"query-input":"required name=search_term_string"}],"inLanguage":"de"},{"@type":"Organization","@id":"https:\/\/vimcar.de\/boxenstopp\/#organization","name":"Vimcar Boxenstopp - Fuhrparkwissen","url":"https:\/\/vimcar.de\/boxenstopp\/","logo":{"@type":"ImageObject","inLanguage":"de","@id":"https:\/\/vimcar.de\/boxenstopp\/#\/schema\/logo\/image\/","url":"https:\/\/vimcar.de\/boxenstopp\/wp-content\/uploads\/2020\/10\/logo-vimcar-boxenstopp.png","contentUrl":"https:\/\/vimcar.de\/boxenstopp\/wp-content\/uploads\/2020\/10\/logo-vimcar-boxenstopp.png","width":250,"height":50,"caption":"Vimcar Boxenstopp - Fuhrparkwissen"},"image":{"@id":"https:\/\/vimcar.de\/boxenstopp\/#\/schema\/logo\/image\/"},"sameAs":["https:\/\/www.facebook.com\/vimcar","https:\/\/twitter.com\/goVimcar","https:\/\/www.instagram.com\/vimcar_official\/","https:\/\/de.linkedin.com\/company\/vimcar","https:\/\/www.pinterest.de\/vimcar\/","https:\/\/www.youtube.com\/channel\/UCWRajoA7OnWsAw-ezAahZPg"]}]}},"_links":{"self":[{"href":"https:\/\/vimcar.de\/boxenstopp\/wp-json\/wp\/v2\/pages\/1165"}],"collection":[{"href":"https:\/\/vimcar.de\/boxenstopp\/wp-json\/wp\/v2\/pages"}],"about":[{"href":"https:\/\/vimcar.de\/boxenstopp\/wp-json\/wp\/v2\/types\/page"}],"author":[{"embeddable":true,"href":"https:\/\/vimcar.de\/boxenstopp\/wp-json\/wp\/v2\/users\/74"}],"replies":[{"embeddable":true,"href":"https:\/\/vimcar.de\/boxenstopp\/wp-json\/wp\/v2\/comments?post=1165"}],"version-history":[{"count":0,"href":"https:\/\/vimcar.de\/boxenstopp\/wp-json\/wp\/v2\/pages\/1165\/revisions"}],"up":[{"embeddable":true,"href":"https:\/\/vimcar.de\/boxenstopp\/wp-json\/wp\/v2\/pages\/7143"}],"wp:attachment":[{"href":"https:\/\/vimcar.de\/boxenstopp\/wp-json\/wp\/v2\/media?parent=1165"}],"curies":[{"name":"wp","href":"https:\/\/api.w.org\/{rel}","templated":true}]}}