{"id":13633,"date":"2020-10-02T15:13:09","date_gmt":"2020-10-02T13:13:09","guid":{"rendered":"https:\/\/vimcar.de\/boxenstopp-staging\/?page_id=13633"},"modified":"2022-09-30T12:09:21","modified_gmt":"2022-09-30T10:09:21","slug":"kfz-steuer","status":"publish","type":"page","link":"https:\/\/vimcar.de\/boxenstopp\/lexikon\/kfz-steuer\/","title":{"rendered":"Kfz Steuer"},"content":{"rendered":"\t\t<div data-elementor-type=\"wp-page\" data-elementor-id=\"13633\" class=\"elementor elementor-13633\" data-elementor-post-type=\"page\">\n\t\t\t\t\t\t<section class=\"elementor-section elementor-top-section elementor-element elementor-element-865d09f elementor-section-boxed elementor-section-height-default elementor-section-height-default\" data-id=\"865d09f\" data-element_type=\"section\">\n\t\t\t\t\t\t<div class=\"elementor-container elementor-column-gap-default\">\n\t\t\t\t\t<div class=\"elementor-column elementor-col-100 elementor-top-column elementor-element elementor-element-67245f6\" data-id=\"67245f6\" data-element_type=\"column\">\n\t\t\t<div class=\"elementor-widget-wrap elementor-element-populated\">\n\t\t\t\t\t\t<div class=\"elementor-element elementor-element-8f1830d elementor-widget elementor-widget-text-editor\" data-id=\"8f1830d\" data-element_type=\"widget\" data-widget_type=\"text-editor.default\">\n\t\t\t\t<div class=\"elementor-widget-container\">\n\t\t\t\t\t\t\t<div class=\"elementor-element elementor-element-68078e4 elementor-widget elementor-widget-text-editor\" data-id=\"68078e4\" data-element_type=\"widget\" data-widget_type=\"text-editor.default\"><div class=\"elementor-widget-container\"><div class=\"elementor-text-editor elementor-clearfix\"><p><i>Die Kraftfahrzeugsteuer wird automatisch abgebucht, sobald ein Auto zugelassen wird. Doch ist das immer so? Oder l\u00e4sst sich durch clevere Tricks bares Geld sparen?<\/i><\/p><\/div><\/div><\/div>\t\t\t\t\t\t<\/div>\n\t\t\t\t<\/div>\n\t\t\t\t<div class=\"elementor-element elementor-element-19a8e9e elementor-widget elementor-widget-heading\" data-id=\"19a8e9e\" data-element_type=\"widget\" data-widget_type=\"heading.default\">\n\t\t\t\t<div class=\"elementor-widget-container\">\n\t\t\t<h2 class=\"elementor-heading-title elementor-size-default\">So reduzieren Sie die Kfz-Steuer<\/h2>\t\t<\/div>\n\t\t\t\t<\/div>\n\t\t\t\t<div class=\"elementor-element elementor-element-460433a elementor-widget elementor-widget-text-editor\" data-id=\"460433a\" data-element_type=\"widget\" data-widget_type=\"text-editor.default\">\n\t\t\t\t<div class=\"elementor-widget-container\">\n\t\t\t\t\t\t\t<div class=\"elementor-element elementor-element-e1f32f5 elementor-widget elementor-widget-text-editor\" data-id=\"e1f32f5\" data-element_type=\"widget\" data-widget_type=\"text-editor.default\"><div class=\"elementor-widget-container\"><div class=\"elementor-text-editor elementor-clearfix\"><p>Die H\u00f6he der Kfz-Steuer pro Auto ist zwar gering, auf die Flotte bezogen macht sie aber viel aus. Und es wird noch teurer: Das Bundesfinanzministerium arbeitet momentan an einer Reform der Kfz-Steuer, die ab 2021 greifen soll. Die meisten Autofahrer m\u00fcssten dann wenig bis deutlich mehr bezahlen. Wer Geld sparen will, sollte sich seinen Neuwagen deshalb noch dieses Jahr zulegen. Der Entwurf des Finanzministeriums sieht vor, dass bei Neuzulassungen vom 1. Januar 2021 an je 100 Kubikzentimeter Hubraum 9,50 Euro f\u00e4llig werden. Zus\u00e4tzlich kommt ein schrittweise ansteigender Zuschlag f\u00fcr jedes Gramm Kohlendioxidemission je Kilometer. Bislang berechnet sich die Kfz-Steuer \u00fcber den Hubraum des Wagens und den CO2-Aussto\u00df, der aus dem Verbrauch hochgerechnet wird. Zuk\u00fcnftig soll die CO2-Komponente eine gr\u00f6\u00dfere Rolle spielen.<\/p><\/div><\/div><\/div>\t\t\t\t\t\t<\/div>\n\t\t\t\t<\/div>\n\t\t\t\t<div class=\"elementor-element elementor-element-c5df013 elementor-widget elementor-widget-heading\" data-id=\"c5df013\" data-element_type=\"widget\" data-widget_type=\"heading.default\">\n\t\t\t\t<div class=\"elementor-widget-container\">\n\t\t\t<h2 class=\"elementor-heading-title elementor-size-default\">Wozu KFZ-Steuer?\n<\/h2>\t\t<\/div>\n\t\t\t\t<\/div>\n\t\t\t\t<div class=\"elementor-element elementor-element-a4d2144 elementor-widget elementor-widget-text-editor\" data-id=\"a4d2144\" data-element_type=\"widget\" data-widget_type=\"text-editor.default\">\n\t\t\t\t<div class=\"elementor-widget-container\">\n\t\t\t\t\t\t\t<div class=\"elementor-element elementor-element-b17f5dc elementor-widget elementor-widget-text-editor\" data-id=\"b17f5dc\" data-element_type=\"widget\" data-widget_type=\"text-editor.default\"><div class=\"elementor-widget-container\"><div class=\"elementor-text-editor elementor-clearfix\"><p>Auf Bundesebene brachte die Kfz-Steuer 2018 laut Bundesfinanzministerium Steuereinnahmen in H\u00f6he von rund neun Milliarden Euro ein. Dabei sei die Summe jedes Jahr in etwa gleich, hei\u00dft es auf der Webseite des Ministeriums. In erster Linie dient die Steuer zur Finanzierung des Stra\u00dfenbaues, zur Erhaltung des Stra\u00dfennetzes, aber auch zum Ausbau von\u00a0L\u00e4rmschutzma\u00dfnahmen und Rastst\u00e4tten.\u00a0Hintergrund ist das Verursacherprinzip: Die Fahrzeughalter werden verpflichtet, f\u00fcr die Sch\u00e4den an Stra\u00dfen und Umwelt aufzukommen, die sie verursacht haben. Allerdings dienen die Steuern nicht immer zweckgebundenen Projekten.<\/p><\/div><\/div><\/div>\t\t\t\t\t\t<\/div>\n\t\t\t\t<\/div>\n\t\t\t\t<div class=\"elementor-element elementor-element-be2bc1b elementor-widget elementor-widget-heading\" data-id=\"be2bc1b\" data-element_type=\"widget\" data-widget_type=\"heading.default\">\n\t\t\t\t<div class=\"elementor-widget-container\">\n\t\t\t<h2 class=\"elementor-heading-title elementor-size-default\">Gibt es Befreiungen von der Kfz-Steuer?\n<\/h2>\t\t<\/div>\n\t\t\t\t<\/div>\n\t\t\t\t<div class=\"elementor-element elementor-element-81934b3 elementor-widget elementor-widget-text-editor\" data-id=\"81934b3\" data-element_type=\"widget\" data-widget_type=\"text-editor.default\">\n\t\t\t\t<div class=\"elementor-widget-container\">\n\t\t\t\t\t\t\t<div class=\"elementor-element elementor-element-5f96439 elementor-widget elementor-widget-text-editor\" data-id=\"5f96439\" data-element_type=\"widget\" data-widget_type=\"text-editor.default\">\n<div class=\"elementor-widget-container\">\n<div class=\"elementor-text-editor elementor-clearfix\">\n<p>Ja, denn von der Kfz-Steuer befreit sind Null-Emissionsfahrzeuge.&nbsp;<u>Im Klartext bedeutet das:<\/u>&nbsp;Autos mit reinem Elektroantrieb. Die Kfz-Steuerbefreiung f\u00fcr&nbsp;<a href=\"https:\/\/vimcar.de\/boxenstopp\/blog\/elektrofahrzeuge-im-fuhrpark\/\">Elektrofahrzeuge<\/a>&nbsp;gilt nur bei erstmaliger Zulassung zwischen 18.05.2011 und 31.12.2020 f\u00fcr zehn Jahre ab dem Erstzulassungsdatum. Das gilt auch f\u00fcr den auf den Betrieb umger\u00fcstete Fahrzeuge mit Batterien oder emissionsfreien Wasserstoff-Brennstoffzellen. Erst nach Ablauf des steuerbefreiten Zeitraums werden Elektrofahrzeuge f\u00fcr die Kfz-Steuer nach Fahrzeuggewicht berechnet. Dann fallen aber nur g\u00fcnstige 50 Prozent der Kfz-Steuer an, die Halter f\u00fcr einen konventionellen Motor zahlen m\u00fcssten.&nbsp;<u>Aber Achtung:<\/u>&nbsp;Hybridfahrzeuge mit zus\u00e4tzlichem Verbrennungsmotor z\u00e4hlen zu den steuerbeg\u00fcnstigten Modellen.<\/p><\/div><\/div><\/div>\t\t\t\t\t\t<\/div>\n\t\t\t\t<\/div>\n\t\t\t\t<div class=\"elementor-element elementor-element-5f2756c elementor-widget elementor-widget-heading\" data-id=\"5f2756c\" data-element_type=\"widget\" data-widget_type=\"heading.default\">\n\t\t\t\t<div class=\"elementor-widget-container\">\n\t\t\t<h2 class=\"elementor-heading-title elementor-size-default\">Weitere Verg\u00fcnstigungen<\/h2>\t\t<\/div>\n\t\t\t\t<\/div>\n\t\t\t\t<div class=\"elementor-element elementor-element-bcdd66c elementor-widget elementor-widget-text-editor\" data-id=\"bcdd66c\" data-element_type=\"widget\" data-widget_type=\"text-editor.default\">\n\t\t\t\t<div class=\"elementor-widget-container\">\n\t\t\t\t\t\t\t<p>Ein gr\u00fcnes Kennzeichen zeigt an, dass das Fahrzeug von der Kfz-Steuer befreit ist. Wer es beantragt, unterliegt strengen zweckgebundenen Auflagen. Ein gr\u00fcnes Kennzeichen erhalten unter anderem:<\/p><ul><li>Landwirtschaftliche Fahrzeuge<\/li><li>Fahrzeuge, die ausschlie\u00dflich f\u00fcr im Stra\u00dfenbau oder der Stra\u00dfenreinigung genutzt werden<\/li><li>Fahrzeuge von gemeinn\u00fctzigen Organisationen, die f\u00fcr Hilfsg\u00fctertransporte genutzt werden<\/li><li>Zugmaschinen, Wohnwagen und Wohnmobile von Schaustellerbetrieben<\/li><li>Sportanh\u00e4nger, wie Boots-Trailer, Segelflugzeug- oder Pferde-Anh\u00e4nger f\u00fcr Sportzwecke<\/li><\/ul>\t\t\t\t\t\t<\/div>\n\t\t\t\t<\/div>\n\t\t\t\t<div class=\"elementor-element elementor-element-7ea94f3 elementor-widget elementor-widget-heading\" data-id=\"7ea94f3\" data-element_type=\"widget\" data-widget_type=\"heading.default\">\n\t\t\t\t<div class=\"elementor-widget-container\">\n\t\t\t<h2 class=\"elementor-heading-title elementor-size-default\">Steuerersparnis durch Elektrofahrzeuge<\/h2>\t\t<\/div>\n\t\t\t\t<\/div>\n\t\t\t\t<div class=\"elementor-element elementor-element-6aa84d5 elementor-widget elementor-widget-text-editor\" data-id=\"6aa84d5\" data-element_type=\"widget\" data-widget_type=\"text-editor.default\">\n\t\t\t\t<div class=\"elementor-widget-container\">\n\t\t\t\t\t\t\t<div class=\"elementor-element elementor-element-e18afc1 elementor-widget elementor-widget-text-editor\" data-id=\"e18afc1\" data-element_type=\"widget\" data-widget_type=\"text-editor.default\"><div class=\"elementor-widget-container\"><div class=\"elementor-text-editor elementor-clearfix\"><p>Die Nutzung\u00a0<a href=\"https:\/\/vimcar.de\/boxenstopp\/blog\/alternative-antriebe\/\">alternativer Antriebe<\/a> beschert dem Unternehmen weitere Steuerersparnisse. Schon seit Anfang 2020 m\u00fcssen Fahrer eines elektrischen Firmenwagens die private Nutzung monatlich nur noch mit 25 Prozent des Bruttolistenpreises versteuern. Bei Plug-in-Hybriden gilt als steuerliche Bemessungsgrundlage nur noch die Ha\u0308lfte des Bruttolistenpreises. Dazu kommt, dass seit Juli 2020 die neue Kaufpr\u00e4mie f\u00fcr E-Autos in Kraft ist. Die neuen F\u00f6rders\u00e4tze gelten r\u00fcckwirkend f\u00fcr Fahrzeuge, die ab dem 4. Juni 2020 zugelassen wurden und l\u00e4uft bis 31.12.2021. Bis zu 9.000 Euro netto schie\u00dfen Staat und Industrie beim Kauf eines Elektroautos oder Plug-in-Hybride hinzu.<\/p><\/div><\/div><\/div>\t\t\t\t\t\t<\/div>\n\t\t\t\t<\/div>\n\t\t\t\t<div class=\"elementor-element elementor-element-6c0a16f elementor-widget elementor-widget-heading\" data-id=\"6c0a16f\" data-element_type=\"widget\" data-widget_type=\"heading.default\">\n\t\t\t\t<div class=\"elementor-widget-container\">\n\t\t\t<h2 class=\"elementor-heading-title elementor-size-default\">Weitere Artikel\n<\/h2>\t\t<\/div>\n\t\t\t\t<\/div>\n\t\t\t\t<section class=\"elementor-section elementor-inner-section elementor-element elementor-element-e9c9bbd elementor-section-boxed elementor-section-height-default elementor-section-height-default\" data-id=\"e9c9bbd\" data-element_type=\"section\">\n\t\t\t\t\t\t<div class=\"elementor-container elementor-column-gap-default\">\n\t\t\t\t\t<div class=\"elementor-column elementor-col-50 elementor-inner-column elementor-element elementor-element-b039d86\" data-id=\"b039d86\" data-element_type=\"column\">\n\t\t\t<div class=\"elementor-widget-wrap elementor-element-populated\">\n\t\t\t\t\t\t<div class=\"elementor-element elementor-element-625ea99 elementor-widget elementor-widget-text-editor\" data-id=\"625ea99\" data-element_type=\"widget\" data-widget_type=\"text-editor.default\">\n\t\t\t\t<div class=\"elementor-widget-container\">\n\t\t\t\t\t\t\t<ul><li><a href=\"https:\/\/vimcar.de\/boxenstopp\/lexikon\/fahrzeit\/\">Fahrzeit<\/a><\/li><li><a href=\"https:\/\/vimcar.de\/boxenstopp\/lexikon\/gps-ortungssystem\/\">GPS Ortungssystem<\/a><\/li><li><a href=\"https:\/\/vimcar.de\/boxenstopp\/lexikon\/gobd\/\">GoBD<\/a><\/li><li><a href=\"https:\/\/vimcar.de\/boxenstopp\/lexikon\/hauptuntersuchung\/\">Hauptsuntersuchung<\/a><\/li><li><a href=\"https:\/\/vimcar.de\/boxenstopp\/lexikon\/ladungssicherung\/\">Ladungssicherung<\/a><\/li><li><a href=\"https:\/\/vimcar.de\/boxenstopp\/lexikon\/reisekostenabrechnung\/\">Reisekostenabrechnung<\/a><\/li><li><a href=\"https:\/\/vimcar.de\/boxenstopp\/blog\/leasing-kostenfallen\/\">Kostenfallen beim Leasing<\/a><\/li><li><a href=\"https:\/\/vimcar.de\/boxenstopp\/blog\/leasingvertrag-vorzeitig-kuendigen\/\">Leasingvertrag vorzeitig k\u00fcndigen<\/a><\/li><li><a href=\"https:\/\/vimcar.de\/boxenstopp\/ressourcenbereich\/antrag-korrektur-besteuerung\/\">Antrag auf Korrektur der Besteuerung des geldwerten Vorteils<\/a><\/li><li><a href=\"https:\/\/vimcar.de\/boxenstopp\/lexikon\/werbungskosten\/\">Werbungskosten<\/a><\/li><li><a href=\"https:\/\/vimcar.de\/boxenstopp\/blog\/urlaub-mit-fahrtenbuch\/\">Urlaub mit Fahrtenbuch<\/a><\/li><\/ul>\t\t\t\t\t\t<\/div>\n\t\t\t\t<\/div>\n\t\t\t\t\t<\/div>\n\t\t<\/div>\n\t\t\t\t<div class=\"elementor-column elementor-col-50 elementor-inner-column elementor-element elementor-element-1b74788\" data-id=\"1b74788\" data-element_type=\"column\">\n\t\t\t<div class=\"elementor-widget-wrap elementor-element-populated\">\n\t\t\t\t\t\t<div class=\"elementor-element elementor-element-e8e6f52 elementor-widget elementor-widget-text-editor\" data-id=\"e8e6f52\" data-element_type=\"widget\" data-widget_type=\"text-editor.default\">\n\t\t\t\t<div class=\"elementor-widget-container\">\n\t\t\t\t\t\t\t<ul><li><a href=\"https:\/\/vimcar.de\/boxenstopp\/lexikon\/abbiegeassistent\/\">Abbiegeassistent<\/a><\/li><li><a href=\"https:\/\/vimcar.de\/boxenstopp\/lexikon\/asset-tracking\/\">Asset Tracking<\/a><\/li><li><a href=\"https:\/\/vimcar.de\/boxenstopp\/lexikon\/arbeitsschutzgesetz\/\">Arbeitsschutzgesetz<\/a><\/li><li><a href=\"https:\/\/vimcar.de\/boxenstopp\/lexikon\/co2-obergrenze-was-gibt-es-zu-beachten\/\">CO2 Obergrenze<\/a><\/li><li><a href=\"https:\/\/vimcar.de\/boxenstopp\/lexikon\/dguv\/\">DGUV<\/a><\/li><li><a href=\"https:\/\/vimcar.de\/boxenstopp\/lexikon\/abschreibung\/\">Abschreibung<\/a><\/li><li><a href=\"https:\/\/vimcar.de\/boxenstopp\/lexikon\/reifenlabel\/\">Reifenlabel<\/a><\/li><li><a href=\"https:\/\/vimcar.de\/boxenstopp\/lexikon\/coc-dokumente\/\" target=\"_blank\" rel=\"noopener\">CoC Dokumente<\/a><\/li><li><a href=\"https:\/\/vimcar.de\/boxenstopp\/blog\/kleinlaster-besteuerung\/\">Kleinlaster werden wieder wie Lkw besteuert<\/a><\/li><li><a href=\"https:\/\/vimcar.de\/boxenstopp\/lexikon\/obd-stecker\/\">OBD Stecker<\/a><\/li><li><a href=\"https:\/\/vimcar.de\/boxenstopp\/dienstwagenprivileg\">Dienstwagenprivileg<\/a><\/li><\/ul>\t\t\t\t\t\t<\/div>\n\t\t\t\t<\/div>\n\t\t\t\t\t<\/div>\n\t\t<\/div>\n\t\t\t\t\t<\/div>\n\t\t<\/section>\n\t\t\t\t\t<\/div>\n\t\t<\/div>\n\t\t\t\t\t<\/div>\n\t\t<\/section>\n\t\t\t\t<\/div>\n\t\t","protected":false},"excerpt":{"rendered":"<p>Die Kraftfahrzeugsteuer wird automatisch abgebucht, sobald ein Auto zugelassen wird. Doch ist das immer so? Oder l\u00e4sst sich durch clevere Tricks bares Geld sparen? So reduzieren Sie die Kfz-Steuer Die H\u00f6he der Kfz-Steuer pro Auto ist zwar gering, auf die Flotte bezogen macht sie aber viel aus. Und es wird noch teurer: Das Bundesfinanzministerium arbeitet [&hellip;]<\/p>\n","protected":false},"author":30,"featured_media":0,"parent":4813,"menu_order":0,"comment_status":"closed","ping_status":"closed","template":"","meta":{"footnotes":"","_wp_rev_ctl_limit":""},"yoast_head":"<!-- This site is optimized with the Yoast SEO Premium plugin v21.5 (Yoast SEO v21.5) - https:\/\/yoast.com\/wordpress\/plugins\/seo\/ -->\n<title>Kfz Steuer - Vimcar Boxenstopp<\/title>\n<meta name=\"description\" content=\"Was genau ist die Kfz Steuer und kann man diese umgehen oder reduzieren? Jetzt weiterlesen und Tipps erfahren.\" \/>\n<meta name=\"robots\" content=\"index, follow, max-snippet:-1, max-image-preview:large, max-video-preview:-1\" \/>\n<link rel=\"canonical\" href=\"https:\/\/vimcar.de\/boxenstopp\/lexikon\/kfz-steuer\/\" \/>\n<meta property=\"og:locale\" content=\"de_DE\" \/>\n<meta property=\"og:type\" content=\"article\" \/>\n<meta property=\"og:title\" content=\"Kfz Steuer\" \/>\n<meta property=\"og:description\" content=\"Was genau ist die Kfz Steuer und kann man diese umgehen oder reduzieren? Jetzt weiterlesen und Tipps erfahren.\" \/>\n<meta property=\"og:url\" content=\"https:\/\/vimcar.de\/boxenstopp\/lexikon\/kfz-steuer\/\" \/>\n<meta property=\"og:site_name\" content=\"Vimcar Boxenstopp\" \/>\n<meta property=\"article:publisher\" content=\"https:\/\/www.facebook.com\/vimcar\" \/>\n<meta property=\"article:modified_time\" content=\"2022-09-30T10:09:21+00:00\" \/>\n<meta name=\"twitter:card\" content=\"summary_large_image\" \/>\n<meta name=\"twitter:site\" content=\"@goVimcar\" \/>\n<meta name=\"twitter:label1\" content=\"Gesch\u00e4tzte Lesezeit\" \/>\n\t<meta name=\"twitter:data1\" content=\"6\u00a0Minuten\" \/>\n<!-- \/ Yoast SEO Premium plugin. -->","yoast_head_json":{"title":"Kfz Steuer - Vimcar Boxenstopp","description":"Was genau ist die Kfz Steuer und kann man diese umgehen oder reduzieren? Jetzt weiterlesen und Tipps erfahren.","robots":{"index":"index","follow":"follow","max-snippet":"max-snippet:-1","max-image-preview":"max-image-preview:large","max-video-preview":"max-video-preview:-1"},"canonical":"https:\/\/vimcar.de\/boxenstopp\/lexikon\/kfz-steuer\/","og_locale":"de_DE","og_type":"article","og_title":"Kfz Steuer","og_description":"Was genau ist die Kfz Steuer und kann man diese umgehen oder reduzieren? Jetzt weiterlesen und Tipps erfahren.","og_url":"https:\/\/vimcar.de\/boxenstopp\/lexikon\/kfz-steuer\/","og_site_name":"Vimcar Boxenstopp","article_publisher":"https:\/\/www.facebook.com\/vimcar","article_modified_time":"2022-09-30T10:09:21+00:00","twitter_card":"summary_large_image","twitter_site":"@goVimcar","twitter_misc":{"Gesch\u00e4tzte Lesezeit":"6\u00a0Minuten"},"schema":{"@context":"https:\/\/schema.org","@graph":[{"@type":"WebPage","@id":"https:\/\/vimcar.de\/boxenstopp\/lexikon\/kfz-steuer\/","url":"https:\/\/vimcar.de\/boxenstopp\/lexikon\/kfz-steuer\/","name":"Kfz Steuer - Vimcar Boxenstopp","isPartOf":{"@id":"https:\/\/vimcar.de\/boxenstopp\/#website"},"datePublished":"2020-10-02T13:13:09+00:00","dateModified":"2022-09-30T10:09:21+00:00","description":"Was genau ist die Kfz Steuer und kann man diese umgehen oder reduzieren? Jetzt weiterlesen und Tipps erfahren.","breadcrumb":{"@id":"https:\/\/vimcar.de\/boxenstopp\/lexikon\/kfz-steuer\/#breadcrumb"},"inLanguage":"de","potentialAction":[{"@type":"ReadAction","target":["https:\/\/vimcar.de\/boxenstopp\/lexikon\/kfz-steuer\/"]}]},{"@type":"BreadcrumbList","@id":"https:\/\/vimcar.de\/boxenstopp\/lexikon\/kfz-steuer\/#breadcrumb","itemListElement":[{"@type":"ListItem","position":1,"name":"Startseite","item":"https:\/\/vimcar.de\/boxenstopp\/"},{"@type":"ListItem","position":2,"name":"Das Fuhrparklexikon","item":"https:\/\/vimcar.de\/boxenstopp\/lexikon\/"},{"@type":"ListItem","position":3,"name":"Kfz Steuer"}]},{"@type":"WebSite","@id":"https:\/\/vimcar.de\/boxenstopp\/#website","url":"https:\/\/vimcar.de\/boxenstopp\/","name":"Vimcar Boxenstopp","description":"- Die Lernplattform f\u00fcr Fuhrparkleiter","publisher":{"@id":"https:\/\/vimcar.de\/boxenstopp\/#organization"},"potentialAction":[{"@type":"SearchAction","target":{"@type":"EntryPoint","urlTemplate":"https:\/\/vimcar.de\/boxenstopp\/?s={search_term_string}"},"query-input":"required name=search_term_string"}],"inLanguage":"de"},{"@type":"Organization","@id":"https:\/\/vimcar.de\/boxenstopp\/#organization","name":"Vimcar Boxenstopp - Fuhrparkwissen","url":"https:\/\/vimcar.de\/boxenstopp\/","logo":{"@type":"ImageObject","inLanguage":"de","@id":"https:\/\/vimcar.de\/boxenstopp\/#\/schema\/logo\/image\/","url":"https:\/\/vimcar.de\/boxenstopp\/wp-content\/uploads\/2020\/10\/logo-vimcar-boxenstopp.png","contentUrl":"https:\/\/vimcar.de\/boxenstopp\/wp-content\/uploads\/2020\/10\/logo-vimcar-boxenstopp.png","width":250,"height":50,"caption":"Vimcar Boxenstopp - Fuhrparkwissen"},"image":{"@id":"https:\/\/vimcar.de\/boxenstopp\/#\/schema\/logo\/image\/"},"sameAs":["https:\/\/www.facebook.com\/vimcar","https:\/\/twitter.com\/goVimcar","https:\/\/www.instagram.com\/vimcar_official\/","https:\/\/de.linkedin.com\/company\/vimcar","https:\/\/www.pinterest.de\/vimcar\/","https:\/\/www.youtube.com\/channel\/UCWRajoA7OnWsAw-ezAahZPg"]}]}},"_links":{"self":[{"href":"https:\/\/vimcar.de\/boxenstopp\/wp-json\/wp\/v2\/pages\/13633"}],"collection":[{"href":"https:\/\/vimcar.de\/boxenstopp\/wp-json\/wp\/v2\/pages"}],"about":[{"href":"https:\/\/vimcar.de\/boxenstopp\/wp-json\/wp\/v2\/types\/page"}],"author":[{"embeddable":true,"href":"https:\/\/vimcar.de\/boxenstopp\/wp-json\/wp\/v2\/users\/30"}],"replies":[{"embeddable":true,"href":"https:\/\/vimcar.de\/boxenstopp\/wp-json\/wp\/v2\/comments?post=13633"}],"version-history":[{"count":0,"href":"https:\/\/vimcar.de\/boxenstopp\/wp-json\/wp\/v2\/pages\/13633\/revisions"}],"up":[{"embeddable":true,"href":"https:\/\/vimcar.de\/boxenstopp\/wp-json\/wp\/v2\/pages\/4813"}],"wp:attachment":[{"href":"https:\/\/vimcar.de\/boxenstopp\/wp-json\/wp\/v2\/media?parent=13633"}],"curies":[{"name":"wp","href":"https:\/\/api.w.org\/{rel}","templated":true}]}}