{"id":13652,"date":"2020-10-02T16:25:38","date_gmt":"2020-10-02T14:25:38","guid":{"rendered":"https:\/\/vimcar.de\/boxenstopp-staging\/?page_id=13652"},"modified":"2024-05-07T12:12:18","modified_gmt":"2024-05-07T10:12:18","slug":"betriebserlaubnis","status":"publish","type":"page","link":"https:\/\/vimcar.de\/boxenstopp\/lexikon\/betriebserlaubnis\/","title":{"rendered":"Betriebserlaubnis"},"content":{"rendered":"\t\t<div data-elementor-type=\"wp-page\" data-elementor-id=\"13652\" class=\"elementor elementor-13652\" data-elementor-post-type=\"page\">\n\t\t\t\t\t\t<section class=\"elementor-section elementor-top-section elementor-element elementor-element-b35aa6e elementor-section-boxed elementor-section-height-default elementor-section-height-default\" data-id=\"b35aa6e\" data-element_type=\"section\">\n\t\t\t\t\t\t<div class=\"elementor-container elementor-column-gap-default\">\n\t\t\t\t\t<div class=\"elementor-column elementor-col-100 elementor-top-column elementor-element elementor-element-de07f14\" data-id=\"de07f14\" data-element_type=\"column\">\n\t\t\t<div class=\"elementor-widget-wrap elementor-element-populated\">\n\t\t\t\t\t\t<div class=\"elementor-element elementor-element-017e90d elementor-widget elementor-widget-text-editor\" data-id=\"017e90d\" data-element_type=\"widget\" data-widget_type=\"text-editor.default\">\n\t\t\t\t<div class=\"elementor-widget-container\">\n\t\t\t\t\t\t\t<div class=\"elementor-element elementor-element-be3c0b2 elementor-widget elementor-widget-text-editor\" data-id=\"be3c0b2\" data-element_type=\"widget\" data-widget_type=\"text-editor.default\"><div class=\"elementor-widget-container\"><div class=\"elementor-text-editor elementor-clearfix\"><p>Die Allgemeine Betriebserlaubnis (ABE) ist in allen F\u00e4llen f\u00fcr den Fuhrpark unerl\u00e4sslich. Welche gesetzlichen Grundlagen gelten und was Sie sonst noch wissen m\u00fcssen, erfahren Sie hier.<\/p><\/div><\/div><\/div>\t\t\t\t\t\t<\/div>\n\t\t\t\t<\/div>\n\t\t\t\t<div class=\"elementor-element elementor-element-d8dd160 elementor-widget elementor-widget-heading\" data-id=\"d8dd160\" data-element_type=\"widget\" data-widget_type=\"heading.default\">\n\t\t\t\t<div class=\"elementor-widget-container\">\n\t\t\t<h2 class=\"elementor-heading-title elementor-size-default\">Allgemeine Betriebserlaubnis: Alles, was wichtig ist\n<\/h2>\t\t<\/div>\n\t\t\t\t<\/div>\n\t\t\t\t<div class=\"elementor-element elementor-element-59a5ad0 elementor-widget elementor-widget-text-editor\" data-id=\"59a5ad0\" data-element_type=\"widget\" data-widget_type=\"text-editor.default\">\n\t\t\t\t<div class=\"elementor-widget-container\">\n\t\t\t\t\t\t\t<div class=\"elementor-element elementor-element-19e68ea elementor-widget elementor-widget-text-editor\" data-id=\"19e68ea\" data-element_type=\"widget\" data-widget_type=\"text-editor.default\"><div class=\"elementor-widget-container\"><div class=\"elementor-text-editor elementor-clearfix\"><p>Um in Deutschland \u00fcberhaupt ein Fahrzeug zuzulassen, m\u00fcssen viele Regeln und gesetzliche Bestimmungen eingehalten werden. Aber nicht nur Fahrzeuge, sondern auch zugeh\u00f6rige Teile wie etwa der Auspuff oder Anh\u00e4ngerkupplungen, haben den Vorgaben der Stra\u00dfenverkehrsordnung sowie der\u00a0<a href=\"https:\/\/www.gesetze-im-internet.de\/stvzo_2012\/BJNR067910012.html\" target=\"_blank\" rel=\"noopener\">Stra\u00dfenverkehrs-Zulassungs-<\/a>Ordnung zu entsprechen. Ist alles in Ordnung, wird die Allgemeine Betriebserlaubnis (ABE) erteilt \u2013 die Erlaubnis zur Inbetriebnahme eines Kraftfahrzeugs und dessen Bauteilen. Ohne eine Betriebserlaubnis darf das Fahrzeug nicht am Stra\u00dfenverkehr teilnehmen.<\/p><\/div><\/div><\/div>\t\t\t\t\t\t<\/div>\n\t\t\t\t<\/div>\n\t\t\t\t<div class=\"elementor-element elementor-element-a3e7384 elementor-widget elementor-widget-heading\" data-id=\"a3e7384\" data-element_type=\"widget\" data-widget_type=\"heading.default\">\n\t\t\t\t<div class=\"elementor-widget-container\">\n\t\t\t<h2 class=\"elementor-heading-title elementor-size-default\">Fahren nur mit Allgemeiner Betriebserlaubnis\n<\/h2>\t\t<\/div>\n\t\t\t\t<\/div>\n\t\t\t\t<div class=\"elementor-element elementor-element-a7c518b elementor-widget elementor-widget-text-editor\" data-id=\"a7c518b\" data-element_type=\"widget\" data-widget_type=\"text-editor.default\">\n\t\t\t\t<div class=\"elementor-widget-container\">\n\t\t\t\t\t\t\t<div class=\"elementor-element elementor-element-d969031 elementor-widget elementor-widget-text-editor\" data-id=\"d969031\" data-element_type=\"widget\" data-widget_type=\"text-editor.default\"><div class=\"elementor-widget-container\"><div class=\"elementor-text-editor elementor-clearfix\"><p>Nur wenn bestimmte Vorgaben erf\u00fcllt sind, d\u00fcrfen Fahrzeuge im Stra\u00dfenverkehr fahren. Alle serienm\u00e4\u00dfig produzierten Fahrzeuge haben eine Typengenehmigung. In diesem Fall hat der Fahrzeughersteller eine Pr\u00fcfung an einem Typ vorgenommen, die alle Fahrzeuge der Serie des gepr\u00fcften Typs entsprechen. Wenn Ver\u00e4nderungen an einem Fahrzeug durch Einzelteile vorgenommen wurden, m\u00fcssen auch diese den Vorgaben des 22. Paragrafen der StVO (Einzelbetriebserlaubnis f\u00fcr Fahrzeuge, EBE) entsprechen.<\/p><\/div><\/div><\/div>\t\t\t\t\t\t<\/div>\n\t\t\t\t<\/div>\n\t\t\t\t<div class=\"elementor-element elementor-element-bd1dc37 elementor-widget elementor-widget-heading\" data-id=\"bd1dc37\" data-element_type=\"widget\" data-widget_type=\"heading.default\">\n\t\t\t\t<div class=\"elementor-widget-container\">\n\t\t\t<h2 class=\"elementor-heading-title elementor-size-default\">Betriebserlaubnis f\u00fcr zulassungsfreie Fahrzeuge\n<\/h2>\t\t<\/div>\n\t\t\t\t<\/div>\n\t\t\t\t<div class=\"elementor-element elementor-element-82dc9d3 elementor-widget elementor-widget-text-editor\" data-id=\"82dc9d3\" data-element_type=\"widget\" data-widget_type=\"text-editor.default\">\n\t\t\t\t<div class=\"elementor-widget-container\">\n\t\t\t\t\t\t\t<div class=\"elementor-element elementor-element-625eb6b elementor-widget elementor-widget-text-editor\" data-id=\"625eb6b\" data-element_type=\"widget\" data-widget_type=\"text-editor.default\"><div class=\"elementor-widget-container\"><div class=\"elementor-text-editor elementor-clearfix\"><p>Tats\u00e4chlich gibt es in Deutschland zulassungsfreie und zulassungspflichtige Fahrzeuge in Deutschland. Der Fahrzeug-Zulassungsverordnung (FZV) l\u00e4sst sich entnehmen, welche Fahrzeuge eine Zulassung ben\u00f6tigen, um am Stra\u00dfenverkehr teilzunehmen und welche davon befreit sind. Ohne eine Betriebserlaubnis d\u00fcrfen weder zulassungsfreie noch zulassungspflichtige Fahrzeuge im deutschen Stra\u00dfenverkehr gef\u00fchrt werden. Zu den zulassungsfreien Vehikeln geh\u00f6ren in Deutschland unter anderem E-Scooter, selbstfahrende Arbeitsmaschinen und Leichtkraftr\u00e4der. F\u00fcr sie muss man aber die Kraftfahrzeug-Haftpflichtversicherung abschlie\u00dfen und eine entsprechende Versicherungsplakette anbringen. Zulassungspflichtig dagegen sind Pkw, Busse und Lkw.<\/p><\/div><\/div><\/div>\t\t\t\t\t\t<\/div>\n\t\t\t\t<\/div>\n\t\t\t\t<div class=\"elementor-element elementor-element-669a58b elementor-widget elementor-widget-heading\" data-id=\"669a58b\" data-element_type=\"widget\" data-widget_type=\"heading.default\">\n\t\t\t\t<div class=\"elementor-widget-container\">\n\t\t\t<h2 class=\"elementor-heading-title elementor-size-default\">Allgemeine Betriebserlaubnis kann auch entzogen werden\n<\/h2>\t\t<\/div>\n\t\t\t\t<\/div>\n\t\t\t\t<div class=\"elementor-element elementor-element-fe70c03 elementor-widget elementor-widget-text-editor\" data-id=\"fe70c03\" data-element_type=\"widget\" data-widget_type=\"text-editor.default\">\n\t\t\t\t<div class=\"elementor-widget-container\">\n\t\t\t\t\t\t\t<div class=\"elementor-element elementor-element-5b3fc72 elementor-widget elementor-widget-text-editor\" data-id=\"5b3fc72\" data-element_type=\"widget\" data-widget_type=\"text-editor.default\"><div class=\"elementor-widget-container\"><div class=\"elementor-text-editor elementor-clearfix\"><p>In der deutschen B\u00fcrokratie muss alles dokumentiert werden. Eine eigenst\u00e4ndige Ver\u00e4nderung an einem Bauteil oder am Fahrzeug selbst \u2013 und schon erlischt die Allgemeine Betriebserlaubnis. Das passiert selbst dann, wenn der\u00a0<a href=\"https:\/\/vimcar.de\/boxenstopp\/lexikon\/fuhrparkleiter\/\" target=\"_blank\" rel=\"noopener\">Fuhrparkmanager<\/a>\u00a0den Sicherheitsstandard des Fahrzeugs erh\u00f6hen m\u00f6chte. Erst nach ausgiebiger Begutachtung im Vorfelde d\u00fcrfen Pr\u00fcfer der Ver\u00e4nderung zustimmen, oder sie ablehnen. Aber auch wenn eine Gef\u00e4hrdung von Verkehrsteilnehmern durch Tuning zu erwarten ist oder sich das Abgas- und Ger\u00e4uschverhalten verschlechtert, kann die ABE entzogen werden. Die ABE gilt \u00fcberdies als sogenanntes Teilegutachten, da in ihr aufgelistet ist, in welchen Fahrzeugmodellen ein bestimmtes Bauteil verwendet werden darf.\u00a0<\/p><\/div><\/div><\/div>\t\t\t\t\t\t<\/div>\n\t\t\t\t<\/div>\n\t\t\t\t<div class=\"elementor-element elementor-element-2657d17 elementor-widget elementor-widget-text-editor\" data-id=\"2657d17\" data-element_type=\"widget\" data-widget_type=\"text-editor.default\">\n\t\t\t\t<div class=\"elementor-widget-container\">\n\t\t\t\t\t\t\t<div class=\"elementor-element elementor-element-a53a921 elementor-widget elementor-widget-text-editor\" data-id=\"a53a921\" data-element_type=\"widget\" data-widget_type=\"text-editor.default\">\n<div class=\"elementor-widget-container\">\n<div class=\"elementor-text-editor elementor-clearfix\">\n<p>Ganz wichtig: Bei einem Unfall kann die Versicherung die Zahlung verweigern, sollte kein Gutachten existieren. Dar\u00fcber hinaus bekommt das Fahrzeug keine T\u00dcV-Plakette und darf nicht am Stra\u00dfenverkehr teilnehmen.<\/p><\/div><\/div><\/div>\t\t\t\t\t\t<\/div>\n\t\t\t\t<\/div>\n\t\t\t\t<div class=\"elementor-element elementor-element-1f65e18 elementor-widget elementor-widget-heading\" data-id=\"1f65e18\" data-element_type=\"widget\" data-widget_type=\"heading.default\">\n\t\t\t\t<div class=\"elementor-widget-container\">\n\t\t\t<h2 class=\"elementor-heading-title elementor-size-default\">Vorsicht bei Einbau von Abbiegeassistenten<\/h2>\t\t<\/div>\n\t\t\t\t<\/div>\n\t\t\t\t<div class=\"elementor-element elementor-element-073ad27 elementor-widget elementor-widget-text-editor\" data-id=\"073ad27\" data-element_type=\"widget\" data-widget_type=\"text-editor.default\">\n\t\t\t\t<div class=\"elementor-widget-container\">\n\t\t\t\t\t\t\t<div class=\"elementor-element elementor-element-74fa773 elementor-widget elementor-widget-text-editor\" data-id=\"74fa773\" data-element_type=\"widget\" data-widget_type=\"text-editor.default\">\n<div class=\"elementor-widget-container\">\n<div class=\"elementor-text-editor elementor-clearfix\">\n<p>Es gibt aber auch weitere Aspekte, die Fuhrparkmanager bez\u00fcglich der Betriebserlaubnis wissen m\u00fcssen. Etwa bei der Nachr\u00fcstung von&nbsp;<a href=\"https:\/\/vimcar.de\/boxenstopp\/lexikon\/abbiegeassistent\/\" target=\"_blank\" rel=\"noopener\">Abbiegeassistenten<\/a>&nbsp;f\u00fcr Lkw. F\u00f6rderf\u00e4hig ist ein System dann, wenn durch einen amtlich anerkannten Sachverst\u00e4ndigen oder einem benannten technischen Dienst eine Einzelabnahme erfolgt oder eine Allgemeine Betriebserlaubnis (ABE) vorliegt. Denn nach dem Einbau der Abbiegesysteme in die Fahrzeuge ist eine \u00c4nderungsabnahme nach&nbsp;<a href=\"https:\/\/www.gesetze-im-internet.de\/stvzo_2012\/__22.html\" target=\"_blank\" rel=\"noopener\">\u00a7 22<\/a>&nbsp;und&nbsp;<a href=\"https:\/\/www.gesetze-im-internet.de\/stvzo_2012\/__20.html\" target=\"_blank\" rel=\"noopener\">\u00a7 20<\/a>&nbsp;der StVZO verpflichtend. Die \u00c4nderungsabnahme durch Pr\u00fcfungsingenieure dauert etwa 30 Minuten und kostet um die 80 Euro. Abnahmen nach \u00c4nderungen gelten ebenfalls f\u00fcr Anh\u00e4ngerkupplungen, Zusatzheizungen, Scheiben aus Sicherheitsglas und Folierung sowie Sicherheitsgurte und R\u00fcckhalteeinrichtungen.<\/p><\/div><\/div><\/div>\t\t\t\t\t\t<\/div>\n\t\t\t\t<\/div>\n\t\t\t\t\t<\/div>\n\t\t<\/div>\n\t\t\t\t\t<\/div>\n\t\t<\/section>\n\t\t\t\t<section class=\"elementor-section elementor-top-section elementor-element elementor-element-6529cb9 elementor-section-boxed elementor-section-height-default elementor-section-height-default\" data-id=\"6529cb9\" data-element_type=\"section\">\n\t\t\t\t\t\t<div class=\"elementor-container elementor-column-gap-default\">\n\t\t\t\t\t<div class=\"elementor-column elementor-col-100 elementor-top-column elementor-element elementor-element-53c61ea\" data-id=\"53c61ea\" data-element_type=\"column\">\n\t\t\t<div class=\"elementor-widget-wrap elementor-element-populated\">\n\t\t\t\t\t\t<div class=\"elementor-element elementor-element-2f03b06 elementor-widget elementor-widget-heading\" data-id=\"2f03b06\" data-element_type=\"widget\" data-widget_type=\"heading.default\">\n\t\t\t\t<div class=\"elementor-widget-container\">\n\t\t\t<h2 class=\"elementor-heading-title elementor-size-default\">Weitere Artikel<\/h2>\t\t<\/div>\n\t\t\t\t<\/div>\n\t\t\t\t<section class=\"elementor-section elementor-inner-section elementor-element elementor-element-c2e16b6 elementor-section-boxed elementor-section-height-default elementor-section-height-default\" data-id=\"c2e16b6\" data-element_type=\"section\">\n\t\t\t\t\t\t<div class=\"elementor-container elementor-column-gap-default\">\n\t\t\t\t\t<div class=\"elementor-column elementor-col-50 elementor-inner-column elementor-element elementor-element-3b800c7\" data-id=\"3b800c7\" data-element_type=\"column\">\n\t\t\t<div class=\"elementor-widget-wrap elementor-element-populated\">\n\t\t\t\t\t\t<div class=\"elementor-element elementor-element-47ac747 elementor-widget elementor-widget-text-editor\" data-id=\"47ac747\" data-element_type=\"widget\" data-widget_type=\"text-editor.default\">\n\t\t\t\t<div class=\"elementor-widget-container\">\n\t\t\t\t\t\t\t<ul><li><a href=\"https:\/\/vimcar.de\/boxenstopp\/lexikon\/arbeitsschutzgesetz\/\">Arbeitsschutzgesetz<\/a><\/li><li><a href=\"https:\/\/vimcar.de\/boxenstopp\/lexikon\/gefaehrdungsbeurteilung\/\">Gef\u00e4hrdungsbeurteilung<\/a><\/li><li><a href=\"https:\/\/vimcar.de\/boxenstopp\/lexikon\/ladungssicherung\/\">Ladungssicherung<\/a><\/li><li><a href=\"https:\/\/vimcar.de\/boxenstopp\/lexikon\/tracking-software\/\">Tracking Software<\/a><\/li><li><a href=\"https:\/\/vimcar.de\/boxenstopp\/lexikon\/reifensensoren\/\">Reifensensoren<\/a><\/li><li><a href=\"https:\/\/vimcar.de\/boxenstopp\/lexikon\/nutzungsausfall\/\">Nutzungsausfall<\/a><\/li><li><a href=\"https:\/\/vimcar.de\/boxenstopp\/lexikon\/kfz-steuer\/\">Kfz Steuer<\/a><\/li><li><a href=\"https:\/\/vimcar.de\/boxenstopp\/blog\/autopflege-im-fuhrpark\/\">Autopflege im Fuhrpark<\/a><\/li><\/ul>\t\t\t\t\t\t<\/div>\n\t\t\t\t<\/div>\n\t\t\t\t\t<\/div>\n\t\t<\/div>\n\t\t\t\t<div class=\"elementor-column elementor-col-50 elementor-inner-column elementor-element elementor-element-3bc91b6\" data-id=\"3bc91b6\" data-element_type=\"column\">\n\t\t\t<div class=\"elementor-widget-wrap elementor-element-populated\">\n\t\t\t\t\t\t<div class=\"elementor-element elementor-element-92123ce elementor-widget elementor-widget-text-editor\" data-id=\"92123ce\" data-element_type=\"widget\" data-widget_type=\"text-editor.default\">\n\t\t\t\t<div class=\"elementor-widget-container\">\n\t\t\t\t\t\t\t<ul>\n<li><a href=\"https:\/\/vimcar.de\/boxenstopp\/blog\/fuhrparkmanagement-kommunen\/\">Furhparkmanagement in Kommunen<\/a><\/li>\n<li><a href=\"https:\/\/vimcar.de\/boxenstopp\/blog\/interview-emobilitaet-fuhrpark\/\">Interview mit bfp FUHRPARK &amp; MANAGEMENT zum Thema Elektromobilit\u00e4t<\/a><\/li>\n<li><a href=\"https:\/\/vimcar.de\/boxenstopp\/blog\/beschaffung-reifen\/\">Beschaffung im Fuhrpark<\/a><\/li>\n<li><a href=\"https:\/\/vimcar.de\/boxenstopp\/blog\/uvv-carsharing\/\">UVV bei Carsharing<\/a><\/li>\n<li><a href=\"https:\/\/vimcar.de\/boxenstopp\/lexikon\/uvv-pruefplakette\/\">UVV Pr\u00fcfplakette&nbsp;<\/a><\/li>\n<li><a href=\"https:\/\/vimcar.de\/boxenstopp\/blog\/halterhaftung-poolfahrzeuge\/\">Halterhaftung bei Poolfahrzeugen<\/a><\/li><li><a href=\"https:\/\/vimcar.de\/boxenstopp\/lexikon\/coc-dokumente\/\" target=\"_blank\">CoC Dokumente<\/a><br><\/li>\n<\/ul>\t\t\t\t\t\t<\/div>\n\t\t\t\t<\/div>\n\t\t\t\t\t<\/div>\n\t\t<\/div>\n\t\t\t\t\t<\/div>\n\t\t<\/section>\n\t\t\t\t\t<\/div>\n\t\t<\/div>\n\t\t\t\t\t<\/div>\n\t\t<\/section>\n\t\t\t\t<\/div>\n\t\t","protected":false},"excerpt":{"rendered":"<p>Die Allgemeine Betriebserlaubnis (ABE) ist in allen F\u00e4llen f\u00fcr den Fuhrpark unerl\u00e4sslich. Welche gesetzlichen Grundlagen gelten und was Sie sonst noch wissen m\u00fcssen, erfahren Sie hier. Allgemeine Betriebserlaubnis: Alles, was wichtig ist Um in Deutschland \u00fcberhaupt ein Fahrzeug zuzulassen, m\u00fcssen viele Regeln und gesetzliche Bestimmungen eingehalten werden. Aber nicht nur Fahrzeuge, sondern auch zugeh\u00f6rige Teile [&hellip;]<\/p>\n","protected":false},"author":30,"featured_media":0,"parent":4813,"menu_order":0,"comment_status":"closed","ping_status":"closed","template":"","meta":{"footnotes":"","_wp_rev_ctl_limit":""},"yoast_head":"<!-- This site is optimized with the Yoast SEO Premium plugin v21.5 (Yoast SEO v21.5) - https:\/\/yoast.com\/wordpress\/plugins\/seo\/ -->\n<title>Betriebserlaubnis - Definition &amp; Bedeutung f\u00fcr den Fuhrpark<\/title>\n<meta name=\"description\" content=\"Die Betriebserlaubnis ist f\u00fcr den Fuhrpark unerl\u00e4sslich. Was genau sie bedeutet und worauf Fuhrparkleiter achten m\u00fcssen, erfahren Sie hier.\" \/>\n<meta name=\"robots\" content=\"index, follow, max-snippet:-1, max-image-preview:large, max-video-preview:-1\" \/>\n<link rel=\"canonical\" href=\"https:\/\/vimcar.de\/boxenstopp\/lexikon\/betriebserlaubnis\/\" \/>\n<meta property=\"og:locale\" content=\"de_DE\" \/>\n<meta property=\"og:type\" content=\"article\" \/>\n<meta property=\"og:title\" content=\"Betriebserlaubnis\" \/>\n<meta property=\"og:description\" content=\"Die Betriebserlaubnis ist f\u00fcr den Fuhrpark unerl\u00e4sslich. Was genau sie bedeutet und worauf Fuhrparkleiter achten m\u00fcssen, erfahren Sie hier.\" \/>\n<meta property=\"og:url\" content=\"https:\/\/vimcar.de\/boxenstopp\/lexikon\/betriebserlaubnis\/\" \/>\n<meta property=\"og:site_name\" content=\"Vimcar Boxenstopp\" \/>\n<meta property=\"article:publisher\" content=\"https:\/\/www.facebook.com\/vimcar\" \/>\n<meta property=\"article:modified_time\" content=\"2024-05-07T10:12:18+00:00\" \/>\n<meta name=\"twitter:card\" content=\"summary_large_image\" \/>\n<meta name=\"twitter:site\" content=\"@goVimcar\" \/>\n<meta name=\"twitter:label1\" content=\"Gesch\u00e4tzte Lesezeit\" \/>\n\t<meta name=\"twitter:data1\" content=\"6\u00a0Minuten\" \/>\n<!-- \/ Yoast SEO Premium plugin. -->","yoast_head_json":{"title":"Betriebserlaubnis - Definition & Bedeutung f\u00fcr den Fuhrpark","description":"Die Betriebserlaubnis ist f\u00fcr den Fuhrpark unerl\u00e4sslich. Was genau sie bedeutet und worauf Fuhrparkleiter achten m\u00fcssen, erfahren Sie hier.","robots":{"index":"index","follow":"follow","max-snippet":"max-snippet:-1","max-image-preview":"max-image-preview:large","max-video-preview":"max-video-preview:-1"},"canonical":"https:\/\/vimcar.de\/boxenstopp\/lexikon\/betriebserlaubnis\/","og_locale":"de_DE","og_type":"article","og_title":"Betriebserlaubnis","og_description":"Die Betriebserlaubnis ist f\u00fcr den Fuhrpark unerl\u00e4sslich. Was genau sie bedeutet und worauf Fuhrparkleiter achten m\u00fcssen, erfahren Sie hier.","og_url":"https:\/\/vimcar.de\/boxenstopp\/lexikon\/betriebserlaubnis\/","og_site_name":"Vimcar Boxenstopp","article_publisher":"https:\/\/www.facebook.com\/vimcar","article_modified_time":"2024-05-07T10:12:18+00:00","twitter_card":"summary_large_image","twitter_site":"@goVimcar","twitter_misc":{"Gesch\u00e4tzte Lesezeit":"6\u00a0Minuten"},"schema":{"@context":"https:\/\/schema.org","@graph":[{"@type":"WebPage","@id":"https:\/\/vimcar.de\/boxenstopp\/lexikon\/betriebserlaubnis\/","url":"https:\/\/vimcar.de\/boxenstopp\/lexikon\/betriebserlaubnis\/","name":"Betriebserlaubnis - Definition & Bedeutung f\u00fcr den Fuhrpark","isPartOf":{"@id":"https:\/\/vimcar.de\/boxenstopp\/#website"},"datePublished":"2020-10-02T14:25:38+00:00","dateModified":"2024-05-07T10:12:18+00:00","description":"Die Betriebserlaubnis ist f\u00fcr den Fuhrpark unerl\u00e4sslich. Was genau sie bedeutet und worauf Fuhrparkleiter achten m\u00fcssen, erfahren Sie hier.","breadcrumb":{"@id":"https:\/\/vimcar.de\/boxenstopp\/lexikon\/betriebserlaubnis\/#breadcrumb"},"inLanguage":"de","potentialAction":[{"@type":"ReadAction","target":["https:\/\/vimcar.de\/boxenstopp\/lexikon\/betriebserlaubnis\/"]}]},{"@type":"BreadcrumbList","@id":"https:\/\/vimcar.de\/boxenstopp\/lexikon\/betriebserlaubnis\/#breadcrumb","itemListElement":[{"@type":"ListItem","position":1,"name":"Startseite","item":"https:\/\/vimcar.de\/boxenstopp\/"},{"@type":"ListItem","position":2,"name":"Das Fuhrparklexikon","item":"https:\/\/vimcar.de\/boxenstopp\/lexikon\/"},{"@type":"ListItem","position":3,"name":"Betriebserlaubnis"}]},{"@type":"WebSite","@id":"https:\/\/vimcar.de\/boxenstopp\/#website","url":"https:\/\/vimcar.de\/boxenstopp\/","name":"Vimcar Boxenstopp","description":"- Die Lernplattform f\u00fcr Fuhrparkleiter","publisher":{"@id":"https:\/\/vimcar.de\/boxenstopp\/#organization"},"potentialAction":[{"@type":"SearchAction","target":{"@type":"EntryPoint","urlTemplate":"https:\/\/vimcar.de\/boxenstopp\/?s={search_term_string}"},"query-input":"required name=search_term_string"}],"inLanguage":"de"},{"@type":"Organization","@id":"https:\/\/vimcar.de\/boxenstopp\/#organization","name":"Vimcar Boxenstopp - Fuhrparkwissen","url":"https:\/\/vimcar.de\/boxenstopp\/","logo":{"@type":"ImageObject","inLanguage":"de","@id":"https:\/\/vimcar.de\/boxenstopp\/#\/schema\/logo\/image\/","url":"https:\/\/vimcar.de\/boxenstopp\/wp-content\/uploads\/2020\/10\/logo-vimcar-boxenstopp.png","contentUrl":"https:\/\/vimcar.de\/boxenstopp\/wp-content\/uploads\/2020\/10\/logo-vimcar-boxenstopp.png","width":250,"height":50,"caption":"Vimcar Boxenstopp - Fuhrparkwissen"},"image":{"@id":"https:\/\/vimcar.de\/boxenstopp\/#\/schema\/logo\/image\/"},"sameAs":["https:\/\/www.facebook.com\/vimcar","https:\/\/twitter.com\/goVimcar","https:\/\/www.instagram.com\/vimcar_official\/","https:\/\/de.linkedin.com\/company\/vimcar","https:\/\/www.pinterest.de\/vimcar\/","https:\/\/www.youtube.com\/channel\/UCWRajoA7OnWsAw-ezAahZPg"]}]}},"_links":{"self":[{"href":"https:\/\/vimcar.de\/boxenstopp\/wp-json\/wp\/v2\/pages\/13652"}],"collection":[{"href":"https:\/\/vimcar.de\/boxenstopp\/wp-json\/wp\/v2\/pages"}],"about":[{"href":"https:\/\/vimcar.de\/boxenstopp\/wp-json\/wp\/v2\/types\/page"}],"author":[{"embeddable":true,"href":"https:\/\/vimcar.de\/boxenstopp\/wp-json\/wp\/v2\/users\/30"}],"replies":[{"embeddable":true,"href":"https:\/\/vimcar.de\/boxenstopp\/wp-json\/wp\/v2\/comments?post=13652"}],"version-history":[{"count":3,"href":"https:\/\/vimcar.de\/boxenstopp\/wp-json\/wp\/v2\/pages\/13652\/revisions"}],"predecessor-version":[{"id":50852,"href":"https:\/\/vimcar.de\/boxenstopp\/wp-json\/wp\/v2\/pages\/13652\/revisions\/50852"}],"up":[{"embeddable":true,"href":"https:\/\/vimcar.de\/boxenstopp\/wp-json\/wp\/v2\/pages\/4813"}],"wp:attachment":[{"href":"https:\/\/vimcar.de\/boxenstopp\/wp-json\/wp\/v2\/media?parent=13652"}],"curies":[{"name":"wp","href":"https:\/\/api.w.org\/{rel}","templated":true}]}}