{"id":3658,"date":"2019-06-20T10:49:43","date_gmt":"2019-06-20T08:49:43","guid":{"rendered":"https:\/\/vimcar.de\/boxenstopp\/?page_id=3658"},"modified":"2020-05-18T08:19:54","modified_gmt":"2020-05-18T06:19:54","slug":"mischfahrt-2","status":"publish","type":"page","link":"https:\/\/vimcar.de\/boxenstopp\/fahrtenbuch-lexikon\/mischfahrt-2\/","title":{"rendered":"Mischfahrt"},"content":{"rendered":"\t\t<div data-elementor-type=\"wp-page\" data-elementor-id=\"3658\" class=\"elementor elementor-3658\" data-elementor-post-type=\"page\">\n\t\t\t\t\t\t<section class=\"elementor-section elementor-top-section elementor-element elementor-element-1eeef07d elementor-section-boxed elementor-section-height-default elementor-section-height-default\" data-id=\"1eeef07d\" data-element_type=\"section\">\n\t\t\t\t\t\t<div class=\"elementor-container elementor-column-gap-default\">\n\t\t\t\t\t<div class=\"elementor-column elementor-col-100 elementor-top-column elementor-element elementor-element-35768774\" data-id=\"35768774\" data-element_type=\"column\">\n\t\t\t<div class=\"elementor-widget-wrap elementor-element-populated\">\n\t\t\t\t\t\t<div class=\"elementor-element elementor-element-1a4d0833 elementor-widget elementor-widget-text-editor\" data-id=\"1a4d0833\" data-element_type=\"widget\" data-widget_type=\"text-editor.default\">\n\t\t\t\t<div class=\"elementor-widget-container\">\n\t\t\t\t\t\t\t<!-- wp:paragraph -->\n<p>Eine Mischfahrt ist eine Fahrt mit einem Fahrzeug, die Sie weder als gesch\u00e4ftlich noch privat kategorisieren. Ein Beispiel w\u00e4re, wenn Sie auf dem Weg zur Arbeit Ihre Kinder zur Schule bringen. In diesem Fall gelten besondere Regelungen f\u00fcr die Dokumentation im Fahrtenbuch.<\/p>\n<!-- \/wp:paragraph --><!-- wp:heading -->\n<h2>Die Mischfahrt und ihre richtige Kategorisierung<\/h2>\n<!-- \/wp:heading --><!-- wp:paragraph -->\n<p>Um Probleme mit dem Finanzamt zu vermeiden ist es wichtig, Fahrten im Fahrtenbuch richtig zu dokumentieren. Doch manchmal ist es nicht so einfach zwischen betrieblichen und privaten Wegen zu unterscheiden. Was passiert, wenn Sie auf dem Weg zum Gesch\u00e4ftspartner einen kleinen Umweg aus privaten Gr\u00fcnden machen? So setzen Sie vielleicht Ihr Kind auf dem Arbeitsweg schnell am Kindergarten ab oder planen einen Zwischenstopp im Fitnessstudio. Solch kleine Stopps sind grunds\u00e4tzlich nicht verboten &#8211; wichtig ist nur, dass Sie diese richtig kategorisieren.<\/p>\n<!-- \/wp:paragraph --><!-- wp:heading -->\n<h2>Was genau ist eine Mischfahrt?<\/h2>\n<!-- \/wp:heading --><!-- wp:paragraph -->\n<p>Die Mischfahrt ist eine Fahrt, welche aus einer Kombination aus betrieblichen und\u00a0privaten, oder dem Arbeitsweg besteht. Sie entsteht immer dann, wenn der zur\u00fcckgelegte Weg nicht nur unter eine Kategorisierung, sondern mindestens zwei f\u00e4llt. Eine Mischfahrt kann auch dann entstehen, wenn der Fahrer einen Umweg aufgrund eines vorliegenden Staus macht. Ist der Umweg f\u00fcr das Finanzamt nicht nachvollziehbar, wird dem Fahrer hier schnell eine private Fahrt unterstellt. Ein Beispiel: Auf dem Nachhauseweg ruft Sie ein Kunde an und fragt ob Sie Zeit f\u00fcr einen kurzen Termin haben. Der kleine Zwischenstopp passt Ihnen in die Abendplanung, also willigen Sie ein. Ihr Arbeitsweg betr\u00e4gt normalerweise 20 km und hat sich nun durch den Umweg auf 25 km verl\u00e4ngert &#8211; was passiert jetzt? In solch einem Fall ist es ratsam, den Weg als einen Mischweg anzugeben. Denn hier k\u00f6nnen Sie einen Teil der Fahrt als Dienstweg kategorisieren und von der Steuer absetzen.<\/p>\n<!-- \/wp:paragraph --><!-- wp:heading -->\n<h2>Die richtige Dokumentation<\/h2>\n<!-- \/wp:heading --><!-- wp:paragraph -->\n<p>Bei der Versteuerung \u00fcber die 1-%-Regelung entf\u00e4llt die Dokumentation der Mischfahrt. Im Vergleich m\u00fcssen Sie bei der F\u00fchrung eines Fahrtenbuchs darauf achten, die Fahrten immer richtig anzugeben. Deswegen empfehlen wir, dass Sie bei Umwegen, wie umfahrenden Staus, immer ein Kommentar hinterlegen. Erkl\u00e4ren Sie in dem Kommentar, aus welchem Grund der l\u00e4ngere Weg entstand. Besteht die Mischfahrt aus einem Anteil Privat- und Betriebsfahrt, m\u00fcssen Sie bei einem handschriftlichen Fahrtenbuch jede Fahrt gesondert dokumentieren. Auch hier hilft ein Kommentar um Misstrauen zu verhindern. Ein privat-gef\u00fchrter Umweg, wie das Abholen der Kinder von der Schule, ist somit einfach gerechtfertigt.<br \/><br \/>Hinweis: Sind Sie sich einmal unsicher, wie Sie Ihre Fahrt aufteilen und kategorisieren sollen ist es ratsam bei Ihrem Steuerberater nachzufragen. Denken Sie jedoch daran, dass Sie Fahrten innerhalb von sieben Tagen kategorisieren m\u00fcssen, damit Ihr Fahrtenbuch finanzkonform bleibt.<\/p>\n<div class=\"wp-block-columns has-2-columns\"><!-- \/wp:column --><!-- wp:column -->\n<div class=\"wp-block-column\"><!-- wp:paragraph -->\n<p>\u00a0<\/p>\n<!-- \/wp:paragraph --><\/div>\n<!-- \/wp:column --><\/div>\n<!-- \/wp:columns -->\t\t\t\t\t\t<\/div>\n\t\t\t\t<\/div>\n\t\t\t\t\t<\/div>\n\t\t<\/div>\n\t\t\t\t\t<\/div>\n\t\t<\/section>\n\t\t\t\t<section class=\"elementor-section elementor-top-section elementor-element elementor-element-8d0c6ae elementor-section-boxed elementor-section-height-default elementor-section-height-default\" data-id=\"8d0c6ae\" data-element_type=\"section\">\n\t\t\t\t\t\t<div class=\"elementor-container elementor-column-gap-default\">\n\t\t\t\t\t<div class=\"elementor-column elementor-col-100 elementor-top-column elementor-element elementor-element-61346e7\" data-id=\"61346e7\" data-element_type=\"column\">\n\t\t\t<div class=\"elementor-widget-wrap elementor-element-populated\">\n\t\t\t\t\t\t<div class=\"elementor-element elementor-element-dcf7ba6 elementor-nav-menu--dropdown-tablet elementor-nav-menu__text-align-aside elementor-widget elementor-widget-nav-menu\" data-id=\"dcf7ba6\" data-element_type=\"widget\" data-settings=\"{&quot;layout&quot;:&quot;horizontal&quot;,&quot;submenu_icon&quot;:{&quot;value&quot;:&quot;&lt;svg class=\\&quot;e-font-icon-svg e-fas-caret-down\\&quot; viewBox=\\&quot;0 0 320 512\\&quot; xmlns=\\&quot;http:\\\/\\\/www.w3.org\\\/2000\\\/svg\\&quot;&gt;&lt;path d=\\&quot;M31.3 192h257.3c17.8 0 26.7 21.5 14.1 34.1L174.1 354.8c-7.8 7.8-20.5 7.8-28.3 0L17.2 226.1C4.6 213.5 13.5 192 31.3 192z\\&quot;&gt;&lt;\\\/path&gt;&lt;\\\/svg&gt;&quot;,&quot;library&quot;:&quot;fa-solid&quot;}}\" data-widget_type=\"nav-menu.default\">\n\t\t\t\t<div class=\"elementor-widget-container\">\n\t\t\t\t\t\t<nav aria-label=\"Men\u00fc\" class=\"elementor-nav-menu--main elementor-nav-menu__container elementor-nav-menu--layout-horizontal e--pointer-underline e--animation-fade\">\n\t\t\t\t<ul id=\"menu-1-dcf7ba6\" class=\"elementor-nav-menu\"><li class=\"menu-item menu-item-type-custom menu-item-object-custom menu-item-7068\"><a href=\"https:\/\/vimcar.de\/boxenstopp\/\/fahrtenbuch-lexikon\" class=\"elementor-item\">Zur\u00fcck zum Lexikon<\/a><\/li>\n<\/ul>\t\t\t<\/nav>\n\t\t\t\t\t\t<nav class=\"elementor-nav-menu--dropdown elementor-nav-menu__container\" aria-hidden=\"true\">\n\t\t\t\t<ul id=\"menu-2-dcf7ba6\" class=\"elementor-nav-menu\"><li class=\"menu-item menu-item-type-custom menu-item-object-custom menu-item-7068\"><a href=\"https:\/\/vimcar.de\/boxenstopp\/\/fahrtenbuch-lexikon\" class=\"elementor-item\" tabindex=\"-1\">Zur\u00fcck zum Lexikon<\/a><\/li>\n<\/ul>\t\t\t<\/nav>\n\t\t\t\t<\/div>\n\t\t\t\t<\/div>\n\t\t\t\t\t<\/div>\n\t\t<\/div>\n\t\t\t\t\t<\/div>\n\t\t<\/section>\n\t\t\t\t<\/div>\n\t\t","protected":false},"excerpt":{"rendered":"<p>Eine Mischfahrt ist eine Fahrt mit einem Fahrzeug, die Sie weder als gesch\u00e4ftlich noch privat kategorisieren. Ein Beispiel w\u00e4re, wenn Sie auf dem Weg zur Arbeit Ihre Kinder zur Schule bringen. In diesem Fall gelten besondere Regelungen f\u00fcr die Dokumentation im Fahrtenbuch. Die Mischfahrt und ihre richtige Kategorisierung Um Probleme mit dem Finanzamt zu vermeiden [&hellip;]<\/p>\n","protected":false},"author":74,"featured_media":9051,"parent":3540,"menu_order":0,"comment_status":"closed","ping_status":"closed","template":"","meta":{"footnotes":"","_wp_rev_ctl_limit":""},"yoast_head":"<!-- This site is optimized with the Yoast SEO Premium plugin v21.5 (Yoast SEO v21.5) - https:\/\/yoast.com\/wordpress\/plugins\/seo\/ -->\n<title>Mischfahrt - Vimcar Boxenstopp<\/title>\n<meta name=\"description\" content=\"Lesen Sie jetzt den Lexikonartikel und finden heraus, was eine Mischfahrt ist. Sie lernen, wann Sie eine Fahrt als Mischfahrt kategorisieren m\u00fcssen.\" \/>\n<meta name=\"robots\" content=\"noindex, follow\" \/>\n<meta property=\"og:locale\" content=\"de_DE\" \/>\n<meta property=\"og:type\" content=\"article\" \/>\n<meta property=\"og:title\" content=\"Mischfahrt\" \/>\n<meta property=\"og:description\" content=\"Lesen Sie jetzt den Lexikonartikel und finden heraus, was eine Mischfahrt ist. Sie lernen, wann Sie eine Fahrt als Mischfahrt kategorisieren m\u00fcssen.\" \/>\n<meta property=\"og:url\" content=\"https:\/\/vimcar.de\/boxenstopp\/fahrtenbuch-lexikon\/mischfahrt-2\/\" \/>\n<meta property=\"og:site_name\" content=\"Vimcar Boxenstopp\" \/>\n<meta property=\"article:publisher\" content=\"https:\/\/www.facebook.com\/vimcar\" \/>\n<meta property=\"article:modified_time\" content=\"2020-05-18T06:19:54+00:00\" \/>\n<meta property=\"og:image\" content=\"https:\/\/vimcar.de\/boxenstopp\/wp-content\/uploads\/2020\/01\/Mischfahrt-Icon-Vimcar-App.png\" \/>\n\t<meta property=\"og:image:width\" content=\"72\" \/>\n\t<meta property=\"og:image:height\" content=\"72\" \/>\n\t<meta property=\"og:image:type\" content=\"image\/png\" \/>\n<meta name=\"twitter:card\" content=\"summary_large_image\" \/>\n<meta name=\"twitter:site\" content=\"@goVimcar\" \/>\n<meta name=\"twitter:label1\" content=\"Gesch\u00e4tzte Lesezeit\" \/>\n\t<meta name=\"twitter:data1\" content=\"2\u00a0Minuten\" \/>\n<!-- \/ Yoast SEO Premium plugin. -->","yoast_head_json":{"title":"Mischfahrt - Vimcar Boxenstopp","description":"Lesen Sie jetzt den Lexikonartikel und finden heraus, was eine Mischfahrt ist. Sie lernen, wann Sie eine Fahrt als Mischfahrt kategorisieren m\u00fcssen.","robots":{"index":"noindex","follow":"follow"},"og_locale":"de_DE","og_type":"article","og_title":"Mischfahrt","og_description":"Lesen Sie jetzt den Lexikonartikel und finden heraus, was eine Mischfahrt ist. Sie lernen, wann Sie eine Fahrt als Mischfahrt kategorisieren m\u00fcssen.","og_url":"https:\/\/vimcar.de\/boxenstopp\/fahrtenbuch-lexikon\/mischfahrt-2\/","og_site_name":"Vimcar Boxenstopp","article_publisher":"https:\/\/www.facebook.com\/vimcar","article_modified_time":"2020-05-18T06:19:54+00:00","og_image":[{"width":72,"height":72,"url":"https:\/\/vimcar.de\/boxenstopp\/wp-content\/uploads\/2020\/01\/Mischfahrt-Icon-Vimcar-App.png","type":"image\/png"}],"twitter_card":"summary_large_image","twitter_site":"@goVimcar","twitter_misc":{"Gesch\u00e4tzte Lesezeit":"2\u00a0Minuten"},"schema":{"@context":"https:\/\/schema.org","@graph":[{"@type":"WebPage","@id":"https:\/\/vimcar.de\/boxenstopp\/fahrtenbuch-lexikon\/mischfahrt-2\/","url":"https:\/\/vimcar.de\/boxenstopp\/fahrtenbuch-lexikon\/mischfahrt-2\/","name":"Mischfahrt - Vimcar Boxenstopp","isPartOf":{"@id":"https:\/\/vimcar.de\/boxenstopp\/#website"},"datePublished":"2019-06-20T08:49:43+00:00","dateModified":"2020-05-18T06:19:54+00:00","description":"Lesen Sie jetzt den Lexikonartikel und finden heraus, was eine Mischfahrt ist. Sie lernen, wann Sie eine Fahrt als Mischfahrt kategorisieren m\u00fcssen.","breadcrumb":{"@id":"https:\/\/vimcar.de\/boxenstopp\/fahrtenbuch-lexikon\/mischfahrt-2\/#breadcrumb"},"inLanguage":"de","potentialAction":[{"@type":"ReadAction","target":["https:\/\/vimcar.de\/boxenstopp\/fahrtenbuch-lexikon\/mischfahrt-2\/"]}]},{"@type":"BreadcrumbList","@id":"https:\/\/vimcar.de\/boxenstopp\/fahrtenbuch-lexikon\/mischfahrt-2\/#breadcrumb","itemListElement":[{"@type":"ListItem","position":1,"name":"Startseite","item":"https:\/\/vimcar.de\/boxenstopp\/"},{"@type":"ListItem","position":2,"name":"Fahrtenbuch Lexikon","item":"https:\/\/vimcar.de\/boxenstopp\/fahrtenbuch-lexikon\/"},{"@type":"ListItem","position":3,"name":"Mischfahrt"}]},{"@type":"WebSite","@id":"https:\/\/vimcar.de\/boxenstopp\/#website","url":"https:\/\/vimcar.de\/boxenstopp\/","name":"Vimcar Boxenstopp","description":"- Die Lernplattform f\u00fcr Fuhrparkleiter","publisher":{"@id":"https:\/\/vimcar.de\/boxenstopp\/#organization"},"potentialAction":[{"@type":"SearchAction","target":{"@type":"EntryPoint","urlTemplate":"https:\/\/vimcar.de\/boxenstopp\/?s={search_term_string}"},"query-input":"required name=search_term_string"}],"inLanguage":"de"},{"@type":"Organization","@id":"https:\/\/vimcar.de\/boxenstopp\/#organization","name":"Vimcar Boxenstopp - Fuhrparkwissen","url":"https:\/\/vimcar.de\/boxenstopp\/","logo":{"@type":"ImageObject","inLanguage":"de","@id":"https:\/\/vimcar.de\/boxenstopp\/#\/schema\/logo\/image\/","url":"https:\/\/vimcar.de\/boxenstopp\/wp-content\/uploads\/2020\/10\/logo-vimcar-boxenstopp.png","contentUrl":"https:\/\/vimcar.de\/boxenstopp\/wp-content\/uploads\/2020\/10\/logo-vimcar-boxenstopp.png","width":250,"height":50,"caption":"Vimcar Boxenstopp - Fuhrparkwissen"},"image":{"@id":"https:\/\/vimcar.de\/boxenstopp\/#\/schema\/logo\/image\/"},"sameAs":["https:\/\/www.facebook.com\/vimcar","https:\/\/twitter.com\/goVimcar","https:\/\/www.instagram.com\/vimcar_official\/","https:\/\/de.linkedin.com\/company\/vimcar","https:\/\/www.pinterest.de\/vimcar\/","https:\/\/www.youtube.com\/channel\/UCWRajoA7OnWsAw-ezAahZPg"]}]}},"_links":{"self":[{"href":"https:\/\/vimcar.de\/boxenstopp\/wp-json\/wp\/v2\/pages\/3658"}],"collection":[{"href":"https:\/\/vimcar.de\/boxenstopp\/wp-json\/wp\/v2\/pages"}],"about":[{"href":"https:\/\/vimcar.de\/boxenstopp\/wp-json\/wp\/v2\/types\/page"}],"author":[{"embeddable":true,"href":"https:\/\/vimcar.de\/boxenstopp\/wp-json\/wp\/v2\/users\/74"}],"replies":[{"embeddable":true,"href":"https:\/\/vimcar.de\/boxenstopp\/wp-json\/wp\/v2\/comments?post=3658"}],"version-history":[{"count":0,"href":"https:\/\/vimcar.de\/boxenstopp\/wp-json\/wp\/v2\/pages\/3658\/revisions"}],"up":[{"embeddable":true,"href":"https:\/\/vimcar.de\/boxenstopp\/wp-json\/wp\/v2\/pages\/3540"}],"wp:featuredmedia":[{"embeddable":true,"href":"https:\/\/vimcar.de\/boxenstopp\/wp-json\/wp\/v2\/media\/9051"}],"wp:attachment":[{"href":"https:\/\/vimcar.de\/boxenstopp\/wp-json\/wp\/v2\/media?parent=3658"}],"curies":[{"name":"wp","href":"https:\/\/api.w.org\/{rel}","templated":true}]}}