{"id":38074,"date":"2022-10-12T16:42:04","date_gmt":"2022-10-12T14:42:04","guid":{"rendered":"https:\/\/vimcar.de\/boxenstopp\/?page_id=38074"},"modified":"2023-01-24T10:22:46","modified_gmt":"2023-01-24T09:22:46","slug":"ressourcen-bestaetigung","status":"publish","type":"page","link":"https:\/\/vimcar.de\/boxenstopp\/ressourcen-bestaetigung\/","title":{"rendered":"Outgrow Thank You Page"},"content":{"rendered":"\t\t<div data-elementor-type=\"wp-page\" data-elementor-id=\"38074\" class=\"elementor elementor-38074\" data-elementor-post-type=\"page\">\n\t\t\t\t\t\t<section class=\"elementor-section elementor-top-section elementor-element elementor-element-f43d6c5 elementor-section-boxed elementor-section-height-default elementor-section-height-default\" data-id=\"f43d6c5\" data-element_type=\"section\">\n\t\t\t\t\t\t<div class=\"elementor-container elementor-column-gap-default\">\n\t\t\t\t\t<div class=\"elementor-column elementor-col-100 elementor-top-column elementor-element elementor-element-3c6fb4f\" data-id=\"3c6fb4f\" data-element_type=\"column\">\n\t\t\t<div class=\"elementor-widget-wrap elementor-element-populated\">\n\t\t\t\t\t\t<div class=\"elementor-element elementor-element-2bc15be elementor-widget elementor-widget-heading\" data-id=\"2bc15be\" data-element_type=\"widget\" data-widget_type=\"heading.default\">\n\t\t\t\t<div class=\"elementor-widget-container\">\n\t\t\t<h2 class=\"elementor-heading-title elementor-size-xl\">Die Vorlage erwartet Sie innerhalb der <br><u>n\u00e4chsten 5 Minuten <\/u>in Ihrem E-Mail-Postfach.<\/h2>\t\t<\/div>\n\t\t\t\t<\/div>\n\t\t\t\t<div class=\"elementor-element elementor-element-5baca6a elementor-widget elementor-widget-heading\" data-id=\"5baca6a\" data-element_type=\"widget\" data-widget_type=\"heading.default\">\n\t\t\t\t<div class=\"elementor-widget-container\">\n\t\t\t<h3 class=\"elementor-heading-title elementor-size-medium\">Bei Fragen &amp; Problemen: boxenstopp@vimcar.com. <\/h3>\t\t<\/div>\n\t\t\t\t<\/div>\n\t\t\t\t<div class=\"elementor-element elementor-element-7258ee9 elementor-hidden-mobile elementor-widget elementor-widget-spacer\" data-id=\"7258ee9\" data-element_type=\"widget\" data-widget_type=\"spacer.default\">\n\t\t\t\t<div class=\"elementor-widget-container\">\n\t\t\t\t\t<div class=\"elementor-spacer\">\n\t\t\t<div class=\"elementor-spacer-inner\"><\/div>\n\t\t<\/div>\n\t\t\t\t<\/div>\n\t\t\t\t<\/div>\n\t\t\t\t\t<\/div>\n\t\t<\/div>\n\t\t\t\t\t<\/div>\n\t\t<\/section>\n\t\t\t\t<section class=\"elementor-section elementor-top-section elementor-element elementor-element-802c1e5 elementor-hidden-mobile elementor-section-boxed elementor-section-height-default elementor-section-height-default\" data-id=\"802c1e5\" data-element_type=\"section\">\n\t\t\t\t\t\t<div class=\"elementor-container elementor-column-gap-default\">\n\t\t\t\t\t<div class=\"elementor-column elementor-col-33 elementor-top-column elementor-element elementor-element-3837bf9\" data-id=\"3837bf9\" data-element_type=\"column\">\n\t\t\t<div class=\"elementor-widget-wrap elementor-element-populated\">\n\t\t\t\t\t\t<div class=\"elementor-element elementor-element-47e0eff elementor-widget elementor-widget-image\" data-id=\"47e0eff\" data-element_type=\"widget\" data-widget_type=\"image.default\">\n\t\t\t\t<div class=\"elementor-widget-container\">\n\t\t\t\t\t\t\t\t\t\t\t\t\t<img fetchpriority=\"high\" decoding=\"async\" width=\"800\" height=\"800\" src=\"https:\/\/vimcar.de\/boxenstopp\/wp-content\/uploads\/2022\/09\/1-1.svg\" class=\"attachment-large size-large wp-image-37777\" alt=\"Zahl 1\" srcset=\"https:\/\/vimcar.de\/boxenstopp\/wp-content\/uploads\/2022\/09\/1-1.svg 150w, https:\/\/vimcar.de\/boxenstopp\/wp-content\/uploads\/2022\/09\/1-1.svg 300w, https:\/\/vimcar.de\/boxenstopp\/wp-content\/uploads\/2022\/09\/1-1.svg 1024w, https:\/\/vimcar.de\/boxenstopp\/wp-content\/uploads\/2022\/09\/1-1.svg 1536w, https:\/\/vimcar.de\/boxenstopp\/wp-content\/uploads\/2022\/09\/1-1.svg 2048w, https:\/\/vimcar.de\/boxenstopp\/wp-content\/uploads\/2022\/09\/1-1.svg 24w, https:\/\/vimcar.de\/boxenstopp\/wp-content\/uploads\/2022\/09\/1-1.svg 36w, https:\/\/vimcar.de\/boxenstopp\/wp-content\/uploads\/2022\/09\/1-1.svg 48w\" sizes=\"(max-width: 800px) 100vw, 800px\" \/>\t\t\t\t\t\t\t\t\t\t\t\t\t<\/div>\n\t\t\t\t<\/div>\n\t\t\t\t<div class=\"elementor-element elementor-element-620ed23 elementor-widget elementor-widget-heading\" data-id=\"620ed23\" data-element_type=\"widget\" data-widget_type=\"heading.default\">\n\t\t\t\t<div class=\"elementor-widget-container\">\n\t\t\t<h3 class=\"elementor-heading-title elementor-size-default\">E-Mail-Postfach<br> anschauen (eventuell Spam)<\/h3>\t\t<\/div>\n\t\t\t\t<\/div>\n\t\t\t\t\t<\/div>\n\t\t<\/div>\n\t\t\t\t<div class=\"elementor-column elementor-col-33 elementor-top-column elementor-element elementor-element-22d6100\" data-id=\"22d6100\" data-element_type=\"column\">\n\t\t\t<div class=\"elementor-widget-wrap elementor-element-populated\">\n\t\t\t\t\t\t<div class=\"elementor-element elementor-element-0f7ab69 elementor-widget elementor-widget-image\" data-id=\"0f7ab69\" data-element_type=\"widget\" data-widget_type=\"image.default\">\n\t\t\t\t<div class=\"elementor-widget-container\">\n\t\t\t\t\t\t\t\t\t\t\t\t\t<img decoding=\"async\" width=\"800\" height=\"800\" src=\"https:\/\/vimcar.de\/boxenstopp\/wp-content\/uploads\/2022\/09\/2-1.svg\" class=\"attachment-large size-large wp-image-37778\" alt=\"Zahl 2\" srcset=\"https:\/\/vimcar.de\/boxenstopp\/wp-content\/uploads\/2022\/09\/2-1.svg 150w, https:\/\/vimcar.de\/boxenstopp\/wp-content\/uploads\/2022\/09\/2-1.svg 300w, https:\/\/vimcar.de\/boxenstopp\/wp-content\/uploads\/2022\/09\/2-1.svg 1024w, https:\/\/vimcar.de\/boxenstopp\/wp-content\/uploads\/2022\/09\/2-1.svg 1536w, https:\/\/vimcar.de\/boxenstopp\/wp-content\/uploads\/2022\/09\/2-1.svg 2048w, https:\/\/vimcar.de\/boxenstopp\/wp-content\/uploads\/2022\/09\/2-1.svg 24w, https:\/\/vimcar.de\/boxenstopp\/wp-content\/uploads\/2022\/09\/2-1.svg 36w, https:\/\/vimcar.de\/boxenstopp\/wp-content\/uploads\/2022\/09\/2-1.svg 48w\" sizes=\"(max-width: 800px) 100vw, 800px\" \/>\t\t\t\t\t\t\t\t\t\t\t\t\t<\/div>\n\t\t\t\t<\/div>\n\t\t\t\t<div class=\"elementor-element elementor-element-05bbdc5 elementor-widget elementor-widget-heading\" data-id=\"05bbdc5\" data-element_type=\"widget\" data-widget_type=\"heading.default\">\n\t\t\t\t<div class=\"elementor-widget-container\">\n\t\t\t<h3 class=\"elementor-heading-title elementor-size-default\">E-Mail \u00f6ffnen<\/h3>\t\t<\/div>\n\t\t\t\t<\/div>\n\t\t\t\t\t<\/div>\n\t\t<\/div>\n\t\t\t\t<div class=\"elementor-column elementor-col-33 elementor-top-column elementor-element elementor-element-a39fc75\" data-id=\"a39fc75\" data-element_type=\"column\">\n\t\t\t<div class=\"elementor-widget-wrap elementor-element-populated\">\n\t\t\t\t\t\t<div class=\"elementor-element elementor-element-b1627a2 elementor-widget elementor-widget-image\" data-id=\"b1627a2\" data-element_type=\"widget\" data-widget_type=\"image.default\">\n\t\t\t\t<div class=\"elementor-widget-container\">\n\t\t\t\t\t\t\t\t\t\t\t\t\t<img decoding=\"async\" width=\"800\" height=\"800\" src=\"https:\/\/vimcar.de\/boxenstopp\/wp-content\/uploads\/2022\/09\/3-1.svg\" class=\"attachment-large size-large wp-image-37779\" alt=\"Zahl 3\" srcset=\"https:\/\/vimcar.de\/boxenstopp\/wp-content\/uploads\/2022\/09\/3-1.svg 150w, https:\/\/vimcar.de\/boxenstopp\/wp-content\/uploads\/2022\/09\/3-1.svg 300w, https:\/\/vimcar.de\/boxenstopp\/wp-content\/uploads\/2022\/09\/3-1.svg 1024w, https:\/\/vimcar.de\/boxenstopp\/wp-content\/uploads\/2022\/09\/3-1.svg 1536w, https:\/\/vimcar.de\/boxenstopp\/wp-content\/uploads\/2022\/09\/3-1.svg 2048w, https:\/\/vimcar.de\/boxenstopp\/wp-content\/uploads\/2022\/09\/3-1.svg 24w, https:\/\/vimcar.de\/boxenstopp\/wp-content\/uploads\/2022\/09\/3-1.svg 36w, https:\/\/vimcar.de\/boxenstopp\/wp-content\/uploads\/2022\/09\/3-1.svg 48w\" sizes=\"(max-width: 800px) 100vw, 800px\" \/>\t\t\t\t\t\t\t\t\t\t\t\t\t<\/div>\n\t\t\t\t<\/div>\n\t\t\t\t<div class=\"elementor-element elementor-element-04522a2 elementor-widget elementor-widget-heading\" data-id=\"04522a2\" data-element_type=\"widget\" data-widget_type=\"heading.default\">\n\t\t\t\t<div class=\"elementor-widget-container\">\n\t\t\t<h3 class=\"elementor-heading-title elementor-size-default\">Vorlage nutzen<\/h3>\t\t<\/div>\n\t\t\t\t<\/div>\n\t\t\t\t\t<\/div>\n\t\t<\/div>\n\t\t\t\t\t<\/div>\n\t\t<\/section>\n\t\t\t\t<section class=\"elementor-section elementor-top-section elementor-element elementor-element-b5ee240 elementor-hidden-desktop elementor-hidden-tablet elementor-section-boxed elementor-section-height-default elementor-section-height-default\" data-id=\"b5ee240\" data-element_type=\"section\">\n\t\t\t\t\t\t<div class=\"elementor-container elementor-column-gap-default\">\n\t\t\t\t\t<div class=\"elementor-column elementor-col-33 elementor-top-column elementor-element elementor-element-8a671bf\" data-id=\"8a671bf\" data-element_type=\"column\">\n\t\t\t<div class=\"elementor-widget-wrap elementor-element-populated\">\n\t\t\t\t\t\t<div class=\"elementor-element elementor-element-16fd105 elementor-widget elementor-widget-image\" data-id=\"16fd105\" data-element_type=\"widget\" data-widget_type=\"image.default\">\n\t\t\t\t<div class=\"elementor-widget-container\">\n\t\t\t\t\t\t\t\t\t\t\t\t\t<img fetchpriority=\"high\" decoding=\"async\" width=\"800\" height=\"800\" src=\"https:\/\/vimcar.de\/boxenstopp\/wp-content\/uploads\/2022\/09\/1-1.svg\" class=\"attachment-large size-large wp-image-37777\" alt=\"Zahl 1\" srcset=\"https:\/\/vimcar.de\/boxenstopp\/wp-content\/uploads\/2022\/09\/1-1.svg 150w, https:\/\/vimcar.de\/boxenstopp\/wp-content\/uploads\/2022\/09\/1-1.svg 300w, https:\/\/vimcar.de\/boxenstopp\/wp-content\/uploads\/2022\/09\/1-1.svg 1024w, https:\/\/vimcar.de\/boxenstopp\/wp-content\/uploads\/2022\/09\/1-1.svg 1536w, https:\/\/vimcar.de\/boxenstopp\/wp-content\/uploads\/2022\/09\/1-1.svg 2048w, https:\/\/vimcar.de\/boxenstopp\/wp-content\/uploads\/2022\/09\/1-1.svg 24w, https:\/\/vimcar.de\/boxenstopp\/wp-content\/uploads\/2022\/09\/1-1.svg 36w, https:\/\/vimcar.de\/boxenstopp\/wp-content\/uploads\/2022\/09\/1-1.svg 48w\" sizes=\"(max-width: 800px) 100vw, 800px\" \/>\t\t\t\t\t\t\t\t\t\t\t\t\t<\/div>\n\t\t\t\t<\/div>\n\t\t\t\t<div class=\"elementor-element elementor-element-525dad9 elementor-widget elementor-widget-heading\" data-id=\"525dad9\" data-element_type=\"widget\" data-widget_type=\"heading.default\">\n\t\t\t\t<div class=\"elementor-widget-container\">\n\t\t\t<h3 class=\"elementor-heading-title elementor-size-default\">E-Mail-Postfach<br> anschauen (eventuell Spam)<\/h3>\t\t<\/div>\n\t\t\t\t<\/div>\n\t\t\t\t\t<\/div>\n\t\t<\/div>\n\t\t\t\t<div class=\"elementor-column elementor-col-33 elementor-top-column elementor-element elementor-element-320790e\" data-id=\"320790e\" data-element_type=\"column\">\n\t\t\t<div class=\"elementor-widget-wrap elementor-element-populated\">\n\t\t\t\t\t\t<div class=\"elementor-element elementor-element-62898c0 elementor-widget elementor-widget-image\" data-id=\"62898c0\" data-element_type=\"widget\" data-widget_type=\"image.default\">\n\t\t\t\t<div class=\"elementor-widget-container\">\n\t\t\t\t\t\t\t\t\t\t\t\t\t<img decoding=\"async\" width=\"800\" height=\"800\" src=\"https:\/\/vimcar.de\/boxenstopp\/wp-content\/uploads\/2022\/09\/2-1.svg\" class=\"attachment-large size-large wp-image-37778\" alt=\"Zahl 2\" srcset=\"https:\/\/vimcar.de\/boxenstopp\/wp-content\/uploads\/2022\/09\/2-1.svg 150w, https:\/\/vimcar.de\/boxenstopp\/wp-content\/uploads\/2022\/09\/2-1.svg 300w, https:\/\/vimcar.de\/boxenstopp\/wp-content\/uploads\/2022\/09\/2-1.svg 1024w, https:\/\/vimcar.de\/boxenstopp\/wp-content\/uploads\/2022\/09\/2-1.svg 1536w, https:\/\/vimcar.de\/boxenstopp\/wp-content\/uploads\/2022\/09\/2-1.svg 2048w, https:\/\/vimcar.de\/boxenstopp\/wp-content\/uploads\/2022\/09\/2-1.svg 24w, https:\/\/vimcar.de\/boxenstopp\/wp-content\/uploads\/2022\/09\/2-1.svg 36w, https:\/\/vimcar.de\/boxenstopp\/wp-content\/uploads\/2022\/09\/2-1.svg 48w\" sizes=\"(max-width: 800px) 100vw, 800px\" \/>\t\t\t\t\t\t\t\t\t\t\t\t\t<\/div>\n\t\t\t\t<\/div>\n\t\t\t\t<div class=\"elementor-element elementor-element-385026d elementor-widget elementor-widget-heading\" data-id=\"385026d\" data-element_type=\"widget\" data-widget_type=\"heading.default\">\n\t\t\t\t<div class=\"elementor-widget-container\">\n\t\t\t<h3 class=\"elementor-heading-title elementor-size-default\">E-Mail \u00f6ffnen<\/h3>\t\t<\/div>\n\t\t\t\t<\/div>\n\t\t\t\t\t<\/div>\n\t\t<\/div>\n\t\t\t\t<div class=\"elementor-column elementor-col-33 elementor-top-column elementor-element elementor-element-ac3cfde\" data-id=\"ac3cfde\" data-element_type=\"column\">\n\t\t\t<div class=\"elementor-widget-wrap elementor-element-populated\">\n\t\t\t\t\t\t<div class=\"elementor-element elementor-element-e2f2eee elementor-widget elementor-widget-image\" data-id=\"e2f2eee\" data-element_type=\"widget\" data-widget_type=\"image.default\">\n\t\t\t\t<div class=\"elementor-widget-container\">\n\t\t\t\t\t\t\t\t\t\t\t\t\t<img decoding=\"async\" width=\"800\" height=\"800\" src=\"https:\/\/vimcar.de\/boxenstopp\/wp-content\/uploads\/2022\/09\/3-1.svg\" class=\"attachment-large size-large wp-image-37779\" alt=\"Zahl 3\" srcset=\"https:\/\/vimcar.de\/boxenstopp\/wp-content\/uploads\/2022\/09\/3-1.svg 150w, https:\/\/vimcar.de\/boxenstopp\/wp-content\/uploads\/2022\/09\/3-1.svg 300w, https:\/\/vimcar.de\/boxenstopp\/wp-content\/uploads\/2022\/09\/3-1.svg 1024w, https:\/\/vimcar.de\/boxenstopp\/wp-content\/uploads\/2022\/09\/3-1.svg 1536w, https:\/\/vimcar.de\/boxenstopp\/wp-content\/uploads\/2022\/09\/3-1.svg 2048w, https:\/\/vimcar.de\/boxenstopp\/wp-content\/uploads\/2022\/09\/3-1.svg 24w, https:\/\/vimcar.de\/boxenstopp\/wp-content\/uploads\/2022\/09\/3-1.svg 36w, https:\/\/vimcar.de\/boxenstopp\/wp-content\/uploads\/2022\/09\/3-1.svg 48w\" sizes=\"(max-width: 800px) 100vw, 800px\" \/>\t\t\t\t\t\t\t\t\t\t\t\t\t<\/div>\n\t\t\t\t<\/div>\n\t\t\t\t<div class=\"elementor-element elementor-element-ae23bbc elementor-widget elementor-widget-heading\" data-id=\"ae23bbc\" data-element_type=\"widget\" data-widget_type=\"heading.default\">\n\t\t\t\t<div class=\"elementor-widget-container\">\n\t\t\t<h3 class=\"elementor-heading-title elementor-size-default\">Vorlage nutzen<\/h3>\t\t<\/div>\n\t\t\t\t<\/div>\n\t\t\t\t\t<\/div>\n\t\t<\/div>\n\t\t\t\t\t<\/div>\n\t\t<\/section>\n\t\t\t\t<section class=\"elementor-section elementor-top-section elementor-element elementor-element-94b3afb elementor-section-boxed elementor-section-height-default elementor-section-height-default\" data-id=\"94b3afb\" data-element_type=\"section\">\n\t\t\t\t\t\t<div class=\"elementor-container elementor-column-gap-default\">\n\t\t\t\t\t<div class=\"elementor-column elementor-col-100 elementor-top-column elementor-element elementor-element-699328a\" data-id=\"699328a\" data-element_type=\"column\">\n\t\t\t<div class=\"elementor-widget-wrap elementor-element-populated\">\n\t\t\t\t\t\t<div class=\"elementor-element elementor-element-14989b1 elementor-widget elementor-widget-spacer\" data-id=\"14989b1\" data-element_type=\"widget\" data-widget_type=\"spacer.default\">\n\t\t\t\t<div class=\"elementor-widget-container\">\n\t\t\t\t\t<div class=\"elementor-spacer\">\n\t\t\t<div class=\"elementor-spacer-inner\"><\/div>\n\t\t<\/div>\n\t\t\t\t<\/div>\n\t\t\t\t<\/div>\n\t\t\t\t\t<\/div>\n\t\t<\/div>\n\t\t\t\t\t<\/div>\n\t\t<\/section>\n\t\t\t\t<\/div>\n\t\t","protected":false},"excerpt":{"rendered":"<p>Die Vorlage erwartet Sie innerhalb der n\u00e4chsten 5 Minuten in Ihrem E-Mail-Postfach. Bei Fragen &amp; Problemen: boxenstopp@vimcar.com. E-Mail-Postfach anschauen (eventuell Spam) E-Mail \u00f6ffnen Vorlage nutzen E-Mail-Postfach anschauen (eventuell Spam) E-Mail \u00f6ffnen Vorlage nutzen<\/p>\n","protected":false},"author":74,"featured_media":0,"parent":0,"menu_order":0,"comment_status":"closed","ping_status":"closed","template":"","meta":{"footnotes":"","_wp_rev_ctl_limit":""},"yoast_head":"<!-- This site is optimized with the Yoast SEO Premium plugin v21.5 (Yoast SEO v21.5) - https:\/\/yoast.com\/wordpress\/plugins\/seo\/ -->\n<title>Best\u00e4tigung - Download der Boxenstopp Vorlage<\/title>\n<meta name=\"description\" content=\"Vielen Dank f\u00fcr Ihr Interesse an unserer Vorlage! Sie erhalten diese in K\u00fcrze per E-Mail. Schauen Sie bitte in Ihrem Postfach nach.\" \/>\n<meta name=\"robots\" content=\"noindex, follow\" \/>\n<meta property=\"og:locale\" content=\"de_DE\" \/>\n<meta property=\"og:type\" content=\"article\" \/>\n<meta property=\"og:title\" content=\"Outgrow Thank You Page\" \/>\n<meta property=\"og:description\" content=\"Vielen Dank f\u00fcr Ihr Interesse an unserer Vorlage! Sie erhalten diese in K\u00fcrze per E-Mail. Schauen Sie bitte in Ihrem Postfach nach.\" \/>\n<meta property=\"og:url\" content=\"https:\/\/vimcar.de\/boxenstopp\/ressourcen-bestaetigung\/\" \/>\n<meta property=\"og:site_name\" content=\"Vimcar Boxenstopp\" \/>\n<meta property=\"article:publisher\" content=\"https:\/\/www.facebook.com\/vimcar\" \/>\n<meta property=\"article:modified_time\" content=\"2023-01-24T09:22:46+00:00\" \/>\n<meta property=\"og:image\" content=\"http:\/\/vimcar.de\/boxenstopp\/wp-content\/uploads\/2022\/09\/1-1.svg\" \/>\n<meta name=\"twitter:card\" content=\"summary_large_image\" \/>\n<meta name=\"twitter:site\" content=\"@goVimcar\" \/>\n<meta name=\"twitter:label1\" content=\"Gesch\u00e4tzte Lesezeit\" \/>\n\t<meta name=\"twitter:data1\" content=\"2\u00a0Minuten\" \/>\n<!-- \/ Yoast SEO Premium plugin. -->","yoast_head_json":{"title":"Best\u00e4tigung - Download der Boxenstopp Vorlage","description":"Vielen Dank f\u00fcr Ihr Interesse an unserer Vorlage! Sie erhalten diese in K\u00fcrze per E-Mail. Schauen Sie bitte in Ihrem Postfach nach.","robots":{"index":"noindex","follow":"follow"},"og_locale":"de_DE","og_type":"article","og_title":"Outgrow Thank You Page","og_description":"Vielen Dank f\u00fcr Ihr Interesse an unserer Vorlage! Sie erhalten diese in K\u00fcrze per E-Mail. Schauen Sie bitte in Ihrem Postfach nach.","og_url":"https:\/\/vimcar.de\/boxenstopp\/ressourcen-bestaetigung\/","og_site_name":"Vimcar Boxenstopp","article_publisher":"https:\/\/www.facebook.com\/vimcar","article_modified_time":"2023-01-24T09:22:46+00:00","og_image":[{"url":"http:\/\/vimcar.de\/boxenstopp\/wp-content\/uploads\/2022\/09\/1-1.svg"}],"twitter_card":"summary_large_image","twitter_site":"@goVimcar","twitter_misc":{"Gesch\u00e4tzte Lesezeit":"2\u00a0Minuten"},"schema":{"@context":"https:\/\/schema.org","@graph":[{"@type":"WebPage","@id":"https:\/\/vimcar.de\/boxenstopp\/ressourcen-bestaetigung\/","url":"https:\/\/vimcar.de\/boxenstopp\/ressourcen-bestaetigung\/","name":"Best\u00e4tigung - Download der Boxenstopp Vorlage","isPartOf":{"@id":"https:\/\/vimcar.de\/boxenstopp\/#website"},"datePublished":"2022-10-12T14:42:04+00:00","dateModified":"2023-01-24T09:22:46+00:00","description":"Vielen Dank f\u00fcr Ihr Interesse an unserer Vorlage! Sie erhalten diese in K\u00fcrze per E-Mail. Schauen Sie bitte in Ihrem Postfach nach.","breadcrumb":{"@id":"https:\/\/vimcar.de\/boxenstopp\/ressourcen-bestaetigung\/#breadcrumb"},"inLanguage":"de","potentialAction":[{"@type":"ReadAction","target":["https:\/\/vimcar.de\/boxenstopp\/ressourcen-bestaetigung\/"]}]},{"@type":"BreadcrumbList","@id":"https:\/\/vimcar.de\/boxenstopp\/ressourcen-bestaetigung\/#breadcrumb","itemListElement":[{"@type":"ListItem","position":1,"name":"Startseite","item":"https:\/\/vimcar.de\/boxenstopp\/"},{"@type":"ListItem","position":2,"name":"Outgrow Thank You Page"}]},{"@type":"WebSite","@id":"https:\/\/vimcar.de\/boxenstopp\/#website","url":"https:\/\/vimcar.de\/boxenstopp\/","name":"Vimcar Boxenstopp","description":"- Die Lernplattform f\u00fcr Fuhrparkleiter","publisher":{"@id":"https:\/\/vimcar.de\/boxenstopp\/#organization"},"potentialAction":[{"@type":"SearchAction","target":{"@type":"EntryPoint","urlTemplate":"https:\/\/vimcar.de\/boxenstopp\/?s={search_term_string}"},"query-input":"required name=search_term_string"}],"inLanguage":"de"},{"@type":"Organization","@id":"https:\/\/vimcar.de\/boxenstopp\/#organization","name":"Vimcar Boxenstopp - Fuhrparkwissen","url":"https:\/\/vimcar.de\/boxenstopp\/","logo":{"@type":"ImageObject","inLanguage":"de","@id":"https:\/\/vimcar.de\/boxenstopp\/#\/schema\/logo\/image\/","url":"https:\/\/vimcar.de\/boxenstopp\/wp-content\/uploads\/2020\/10\/logo-vimcar-boxenstopp.png","contentUrl":"https:\/\/vimcar.de\/boxenstopp\/wp-content\/uploads\/2020\/10\/logo-vimcar-boxenstopp.png","width":250,"height":50,"caption":"Vimcar Boxenstopp - Fuhrparkwissen"},"image":{"@id":"https:\/\/vimcar.de\/boxenstopp\/#\/schema\/logo\/image\/"},"sameAs":["https:\/\/www.facebook.com\/vimcar","https:\/\/twitter.com\/goVimcar","https:\/\/www.instagram.com\/vimcar_official\/","https:\/\/de.linkedin.com\/company\/vimcar","https:\/\/www.pinterest.de\/vimcar\/","https:\/\/www.youtube.com\/channel\/UCWRajoA7OnWsAw-ezAahZPg"]}]}},"_links":{"self":[{"href":"https:\/\/vimcar.de\/boxenstopp\/wp-json\/wp\/v2\/pages\/38074"}],"collection":[{"href":"https:\/\/vimcar.de\/boxenstopp\/wp-json\/wp\/v2\/pages"}],"about":[{"href":"https:\/\/vimcar.de\/boxenstopp\/wp-json\/wp\/v2\/types\/page"}],"author":[{"embeddable":true,"href":"https:\/\/vimcar.de\/boxenstopp\/wp-json\/wp\/v2\/users\/74"}],"replies":[{"embeddable":true,"href":"https:\/\/vimcar.de\/boxenstopp\/wp-json\/wp\/v2\/comments?post=38074"}],"version-history":[{"count":0,"href":"https:\/\/vimcar.de\/boxenstopp\/wp-json\/wp\/v2\/pages\/38074\/revisions"}],"wp:attachment":[{"href":"https:\/\/vimcar.de\/boxenstopp\/wp-json\/wp\/v2\/media?parent=38074"}],"curies":[{"name":"wp","href":"https:\/\/api.w.org\/{rel}","templated":true}]}}