{"id":6089,"date":"2019-12-05T14:17:15","date_gmt":"2019-12-05T13:17:15","guid":{"rendered":"https:\/\/vimcar.de\/boxenstopp\/?page_id=6089"},"modified":"2021-02-04T16:40:50","modified_gmt":"2021-02-04T15:40:50","slug":"langzeitmiete","status":"publish","type":"page","link":"https:\/\/vimcar.de\/boxenstopp\/lexikon\/langzeitmiete\/","title":{"rendered":"Langzeitmiete"},"content":{"rendered":"\t\t<div data-elementor-type=\"wp-page\" data-elementor-id=\"6089\" class=\"elementor elementor-6089\" data-elementor-post-type=\"page\">\n\t\t\t\t\t\t<section class=\"elementor-section elementor-top-section elementor-element elementor-element-72c4a161 elementor-section-boxed elementor-section-height-default elementor-section-height-default\" data-id=\"72c4a161\" data-element_type=\"section\">\n\t\t\t\t\t\t<div class=\"elementor-container elementor-column-gap-default\">\n\t\t\t\t\t<div class=\"elementor-column elementor-col-100 elementor-top-column elementor-element elementor-element-4b230810\" data-id=\"4b230810\" data-element_type=\"column\">\n\t\t\t<div class=\"elementor-widget-wrap elementor-element-populated\">\n\t\t\t\t\t\t<div class=\"elementor-element elementor-element-209e912 elementor-widget elementor-widget-text-editor\" data-id=\"209e912\" data-element_type=\"widget\" data-widget_type=\"text-editor.default\">\n\t\t\t\t<div class=\"elementor-widget-container\">\n\t\t\t\t\t\t\t<p>Die Langzeitmiete ist eine kurzfristige Alternative, teurer als Leasing, aber scheinbar simpel: Passt das Fahrzeug nicht mehr zum Zweck, gibt man es zur\u00fcck. Ob das wirklich so einfach geht und wo die T\u00fccken lauern, lesen Sie hier.\u00a0<\/p>\n<p>Wenn der Fahrzeugbedarf schwankt, ist eine Langzeitmiete vorteilhaft. Mietfahrzeuge lassen sich nach der Mietzeit zwischen einem und bis zu 24 Monaten jederzeit zur\u00fcckgegeben. Der Mieter kann zwischen mehreren Fahrzeugen w\u00e4hlen \u2013 und das ohne gro\u00dfe Laufzeit- oder Kapitalbindung. Ein weiteres Plus: Unternehmen bekommen Neuwagen zur Verf\u00fcgung gestellt und m\u00fcssen sich nicht um etwaige Wertminderung oder Wartungskosten sorgen. Das bringt mehr Kostentransparenz und gr\u00f6\u00dfere Planungssicherheit. Der Preis ist, im Vergleich zum klassischen Leasing, zwar ein wenig h\u00f6her, daf\u00fcr sind Kosten wie KFZ-Steuer, Versicherung und Wartung bereits inklusive. Zudem lassen sich als Stammkunde durch Verhandlungen viele Sonderkonditionen und Extraleistungen sichern.<\/p>\n<p>Dabei k\u00f6nnen auch alternative Antriebe wie Elektro oder Erdgas getestet werden. Viele Kunden reagieren mit der Miete so optimal auf den rasanten Wandel der Mobilit\u00e4tstrends. Die Mietdauer jederzeit dem tats\u00e4chlichen Bedarf anpassen zu k\u00f6nnen, \u00fcberzeugt Fuhrparkbetreiber. Denn so lassen sich Flottenauslastung optimieren und Kosten einsparen. Die Freiheit der Flexibilit\u00e4t wird allerdings durch einen gewissen Grad der Standardisierung eingeschr\u00e4nkt. Konfigurationen von Fahrzeugen, wie man sie beim\u00a0<a href=\"https:\/\/vimcar.de\/boxenstopp\/lexikon\/leasing\">Leasing\u00a0<\/a>kennt, fallen bei den Vermietangeboten fast immer weg. Daf\u00fcr sprechen keine Restwert- und Reparaturrisiken, keine Hochstufung der Versicherung bei Unfall sowie die Abzugsf\u00e4higkeit der Mietraten als Betriebsausgaben f\u00fcr die Miete.<\/p>\t\t\t\t\t\t<\/div>\n\t\t\t\t<\/div>\n\t\t\t\t<div class=\"elementor-element elementor-element-b5ceaf4 elementor-widget elementor-widget-heading\" data-id=\"b5ceaf4\" data-element_type=\"widget\" data-widget_type=\"heading.default\">\n\t\t\t\t<div class=\"elementor-widget-container\">\n\t\t\t<h2 class=\"elementor-heading-title elementor-size-default\">Miete schlie\u00dft nur Kurzzeitl\u00fccken\n<\/h2>\t\t<\/div>\n\t\t\t\t<\/div>\n\t\t\t\t<div class=\"elementor-element elementor-element-9cde801 elementor-widget elementor-widget-text-editor\" data-id=\"9cde801\" data-element_type=\"widget\" data-widget_type=\"text-editor.default\">\n\t\t\t\t<div class=\"elementor-widget-container\">\n\t\t\t\t\t\t\t<p>So gut sich das Konzept der Miete auch anh\u00f6rt \u2013 es ist ausschlie\u00dflich als \u00dcbergangsl\u00f6sung geeignet. In erster Linie, weil die Monatsraten h\u00f6her angesetzt werden als beim Leasing. Ein weiteres Argument dagegen: Der Erwerb von Eigentum ist ausgeschlossen, die Miete bezieht sich nur auf die Nutzung des Autos. Und im Gegensatz zum Leasing kann der Kunde Ausstattung und individuelle W\u00fcnsche des Nutzers nicht vollst\u00e4ndig ber\u00fccksichtigen. Dem Betrieb wiederum droht zus\u00e4tzlicher Arbeitsaufwand im Bereich\u00a0<a href=\"https:\/\/vimcar.de\/boxenstopp\/lexikon\/fuhrpark\">Fuhrpark\u00a0<\/a>durch verschiedene Laufzeiten der Fahrzeuge.<\/p>\n<p>\u00a0<\/p>\n<p>Doch nicht nur das: So muss man sich bewusst sein, dass eine Menge Zeit ben\u00f6tigt wird, um \u00fcberhaupt die verschiedenen Angebote der unterschiedlichen Anbieter zu vergleichen und zu \u00fcberpr\u00fcfen. Bei der Langzeitmiete ist zu beachten: Wann ist noch von Verschlei\u00df die Rede und wann von Warenwertminderung? Wo liegt die Toleranzgrenze bei \u00dcberschreitung der H\u00f6chstkilometerzahl? Probleme k\u00f6nnen haupts\u00e4chlich bei unvorhergesehenen Mehrkilometern oder der Selbstbeteiligung im Schadensfall aufkommen. Immerhin l\u00e4sst sich ein Fahrzeug nach Ablauf der Langzeitmiete zum berechneten Restwert kaufen. Dieser wird vorab im Vertrag kalkuliert \u2013 allerdings ist es dem Vermieter vorbehalten, ob er das Fahrzeug zum Verkauf freigibt oder nicht.<\/p>\t\t\t\t\t\t<\/div>\n\t\t\t\t<\/div>\n\t\t\t\t<div class=\"elementor-element elementor-element-e35ea19 elementor-widget elementor-widget-heading\" data-id=\"e35ea19\" data-element_type=\"widget\" data-widget_type=\"heading.default\">\n\t\t\t\t<div class=\"elementor-widget-container\">\n\t\t\t<h2 class=\"elementor-heading-title elementor-size-default\">Anbieter f\u00fcr Langzeitmiete\n<\/h2>\t\t<\/div>\n\t\t\t\t<\/div>\n\t\t\t\t<div class=\"elementor-element elementor-element-ff6d3b0 elementor-widget elementor-widget-text-editor\" data-id=\"ff6d3b0\" data-element_type=\"widget\" data-widget_type=\"text-editor.default\">\n\t\t\t\t<div class=\"elementor-widget-container\">\n\t\t\t\t\t\t\t<p>Viele unterschiedliche Anbieter, darunter auch Top-Marken wie Porsche und Mercedes, bieten hier bestimmte Programme an. Dabei k\u00f6nnen Autos jederzeit ausgetauscht werden. Volvo (Care) bietet beispielsweise an, dass\u00a0<a href=\"https:\/\/vimcar.de\/boxenstopp\/lexikon\/fuhrparkleiter\">Fuhrparkleiter\u00a0<\/a>Fahrzeuge f\u00fcr 24 Monate inklusive Versicherung Kfz-Steuer, Kfz-Haftpflicht, Zulassung und \u00dcberf\u00fchrungskosten mieten kann. Abh\u00e4ngig vom Firmensitz w\u00e4scht und tankt Volvo die Fahrzeuge sogar zus\u00e4tzlich. Hertz wiederum bietet Pkw, Transporter und Lkw an. Sonderfahrzeuge k\u00f6nnen bei Bedarf von Firmenkunden individuell angefragt werden. Allerdings unterscheidet sich der Mietpreis von Umfang. Mal kostet der Zweitfahrer, mal die Winterreifen, das Navisystem oder die Garantie, einen bestimmten Motor zu bekommen. Nicht unerheblich f\u00fcr Vielfahrer-Flotten sind die Freikilometer. Denn wer mehr als die vereinbarten Kilometer f\u00e4hrt, zahlt drauf. Wie viel, h\u00e4ngt vom Vermieter ab.<\/p>\n<p>\u00a0<\/p>\n<p>Prinzipiell liegt die Spannbreite zwischen 14 und 76 Cent pro Mehrkilometer. Auch bei der Selbstbeteiligung von Teil- und Vollkaskoversicherung gibt es gro\u00dfe Unterschiede. Hier reicht die Bandbreite von kostenfrei bis zu 5.000 Euro. Die Mietpreise beginnen \u00fcbrigens bei rund 300 Euro pro Monat und Fahrzeug im Rahmen der Langzeitmiete. Zur \u00dcberbr\u00fcckung oder f\u00fcr bestimmte Projekte und einen vor\u00fcbergehenden Fahrzeugbedarf ist die Langzeitmiete damit empfehlenswert.<\/p>\t\t\t\t\t\t<\/div>\n\t\t\t\t<\/div>\n\t\t\t\t\t<\/div>\n\t\t<\/div>\n\t\t\t\t\t<\/div>\n\t\t<\/section>\n\t\t\t\t<section class=\"elementor-section elementor-top-section elementor-element elementor-element-c9d7502 elementor-section-boxed elementor-section-height-default elementor-section-height-default\" data-id=\"c9d7502\" data-element_type=\"section\">\n\t\t\t\t\t\t<div class=\"elementor-container elementor-column-gap-default\">\n\t\t\t\t\t<div class=\"elementor-column elementor-col-100 elementor-top-column elementor-element elementor-element-815d6d1\" data-id=\"815d6d1\" data-element_type=\"column\">\n\t\t\t<div class=\"elementor-widget-wrap elementor-element-populated\">\n\t\t\t\t\t\t<div class=\"elementor-element elementor-element-6fbba64 elementor-widget elementor-widget-heading\" data-id=\"6fbba64\" data-element_type=\"widget\" data-widget_type=\"heading.default\">\n\t\t\t\t<div class=\"elementor-widget-container\">\n\t\t\t<h2 class=\"elementor-heading-title elementor-size-default\">Folgende Artikel k\u00f6nnten Sie auch interessieren:<\/h2>\t\t<\/div>\n\t\t\t\t<\/div>\n\t\t\t\t<div class=\"elementor-element elementor-element-ffc11d0 elementor-widget elementor-widget-text-editor\" data-id=\"ffc11d0\" data-element_type=\"widget\" data-widget_type=\"text-editor.default\">\n\t\t\t\t<div class=\"elementor-widget-container\">\n\t\t\t\t\t\t\t<ul>\n<li><strong><a href=\"https:\/\/vimcar.de\/boxenstopp\/lexikon\/leasing\">eBook Grundlagen des Leasings<\/a><\/strong><\/li>\n<li><strong><a href=\"https:\/\/vimcar.de\/boxenstopp\/ressourcenbereich\/exkurs-reifenmanagement\">Exkurs Reifenmanagement<\/a><\/strong><\/li>\n<li><strong><a href=\"https:\/\/vimcar.de\/boxenstopp\/ressourcenbereich\/total-cost-of-ownership-rechner\">Total Cost of Ownership Rechner<\/a><\/strong><\/li>\n<li><strong><a href=\"https:\/\/vimcar.de\/boxenstopp\/ressourcenbereich\/formular-anpassung-leasingvertrag\">Formular zur nachtr\u00e4glichen Anpassung des Leasingvertrages<\/a><\/strong><\/li>\n<li><a href=\"https:\/\/vimcar.de\/boxenstopp\/nachhaltigkeit-im-fuhrpark\/\">Nachhaltigkeit im Fuhrpark<\/a><\/li>\n<li><a href=\"https:\/\/vimcar.de\/boxenstopp\/blog\/leasing-kostenfallen\/\">Kostenfallen beim Leasing<\/a><\/li>\n<li><a href=\"https:\/\/vimcar.de\/boxenstopp\/blog\/leasingvertrag-vorzeitig-kuendigen\/\">Leasingvertrag vorzeitig k\u00fcndigen<\/a><\/li>\n<li><a href=\"https:\/\/vimcar.de\/boxenstopp\/ressourcenbereich\/digitalbonus-bayern\/\" target=\"_blank\">Digitalbonus Bayern<\/a><\/li>\n<li><a href=\"https:\/\/vimcar.de\/boxenstopp\/online-kurse\/carsharing\/\" target=\"_blank\" style=\"text-align: inherit; font-family: var( --e-global-typography-text-font-family ), Source Sans Pro; font-weight: var( --e-global-typography-text-font-weight );\">Online Kurs zum Carsharing<\/a><\/li>\n<li><a href=\"https:\/\/vimcar.de\/boxenstopp\/ressourcenbereich\/zustandsbericht\/\" target=\"_blank\">Zustandsbericht<\/a><br><\/li>\n<li><a href=\"https:\/\/vimcar.de\/boxenstopp\/ressourcenbereich\/checkliste-anschaffung-lieferwagen\/\">Checkliste zur Anschaffung von Lieferwagen<\/a><\/li>\n<\/ul>\t\t\t\t\t\t<\/div>\n\t\t\t\t<\/div>\n\t\t\t\t\t<\/div>\n\t\t<\/div>\n\t\t\t\t\t<\/div>\n\t\t<\/section>\n\t\t\t\t<\/div>\n\t\t","protected":false},"excerpt":{"rendered":"<p>Die Langzeitmiete ist eine kurzfristige Alternative, teurer als Leasing, aber scheinbar simpel: Passt das Fahrzeug nicht mehr zum Zweck, gibt man es zur\u00fcck. Ob das wirklich so einfach geht und wo die T\u00fccken lauern, lesen Sie hier.\u00a0 Wenn der Fahrzeugbedarf schwankt, ist eine Langzeitmiete vorteilhaft. Mietfahrzeuge lassen sich nach der Mietzeit zwischen einem und bis [&hellip;]<\/p>\n","protected":false},"author":30,"featured_media":0,"parent":4813,"menu_order":0,"comment_status":"closed","ping_status":"closed","template":"","meta":{"footnotes":"","_wp_rev_ctl_limit":""},"yoast_head":"<!-- This site is optimized with the Yoast SEO Premium plugin v21.5 (Yoast SEO v21.5) - https:\/\/yoast.com\/wordpress\/plugins\/seo\/ -->\n<title>Langzeitmiete | Lexikonartikel - Vimcar Boxenstopp<\/title>\n<meta name=\"description\" content=\"Die Langzeitmiete bietet eine Alternative zum Leasing, wenn es um die Beschaffung im Fuhrpark geht. Erfahren Sie hier mehr zu den Vor- und Nachteilen.\" \/>\n<meta name=\"robots\" content=\"index, follow, max-snippet:-1, max-image-preview:large, max-video-preview:-1\" \/>\n<link rel=\"canonical\" href=\"https:\/\/vimcar.de\/boxenstopp\/lexikon\/langzeitmiete\/\" \/>\n<meta property=\"og:locale\" content=\"de_DE\" \/>\n<meta property=\"og:type\" content=\"article\" \/>\n<meta property=\"og:title\" content=\"Langzeitmiete\" \/>\n<meta property=\"og:description\" content=\"Die Langzeitmiete bietet eine Alternative zum Leasing, wenn es um die Beschaffung im Fuhrpark geht. Erfahren Sie hier mehr zu den Vor- und Nachteilen.\" \/>\n<meta property=\"og:url\" content=\"https:\/\/vimcar.de\/boxenstopp\/lexikon\/langzeitmiete\/\" \/>\n<meta property=\"og:site_name\" content=\"Vimcar Boxenstopp\" \/>\n<meta property=\"article:publisher\" content=\"https:\/\/www.facebook.com\/vimcar\" \/>\n<meta property=\"article:modified_time\" content=\"2021-02-04T15:40:50+00:00\" \/>\n<meta name=\"twitter:card\" content=\"summary_large_image\" \/>\n<meta name=\"twitter:site\" content=\"@goVimcar\" \/>\n<meta name=\"twitter:label1\" content=\"Gesch\u00e4tzte Lesezeit\" \/>\n\t<meta name=\"twitter:data1\" content=\"3\u00a0Minuten\" \/>\n<!-- \/ Yoast SEO Premium plugin. -->","yoast_head_json":{"title":"Langzeitmiete | Lexikonartikel - Vimcar Boxenstopp","description":"Die Langzeitmiete bietet eine Alternative zum Leasing, wenn es um die Beschaffung im Fuhrpark geht. Erfahren Sie hier mehr zu den Vor- und Nachteilen.","robots":{"index":"index","follow":"follow","max-snippet":"max-snippet:-1","max-image-preview":"max-image-preview:large","max-video-preview":"max-video-preview:-1"},"canonical":"https:\/\/vimcar.de\/boxenstopp\/lexikon\/langzeitmiete\/","og_locale":"de_DE","og_type":"article","og_title":"Langzeitmiete","og_description":"Die Langzeitmiete bietet eine Alternative zum Leasing, wenn es um die Beschaffung im Fuhrpark geht. Erfahren Sie hier mehr zu den Vor- und Nachteilen.","og_url":"https:\/\/vimcar.de\/boxenstopp\/lexikon\/langzeitmiete\/","og_site_name":"Vimcar Boxenstopp","article_publisher":"https:\/\/www.facebook.com\/vimcar","article_modified_time":"2021-02-04T15:40:50+00:00","twitter_card":"summary_large_image","twitter_site":"@goVimcar","twitter_misc":{"Gesch\u00e4tzte Lesezeit":"3\u00a0Minuten"},"schema":{"@context":"https:\/\/schema.org","@graph":[{"@type":"WebPage","@id":"https:\/\/vimcar.de\/boxenstopp\/lexikon\/langzeitmiete\/","url":"https:\/\/vimcar.de\/boxenstopp\/lexikon\/langzeitmiete\/","name":"Langzeitmiete | Lexikonartikel - Vimcar Boxenstopp","isPartOf":{"@id":"https:\/\/vimcar.de\/boxenstopp\/#website"},"datePublished":"2019-12-05T13:17:15+00:00","dateModified":"2021-02-04T15:40:50+00:00","description":"Die Langzeitmiete bietet eine Alternative zum Leasing, wenn es um die Beschaffung im Fuhrpark geht. Erfahren Sie hier mehr zu den Vor- und Nachteilen.","breadcrumb":{"@id":"https:\/\/vimcar.de\/boxenstopp\/lexikon\/langzeitmiete\/#breadcrumb"},"inLanguage":"de","potentialAction":[{"@type":"ReadAction","target":["https:\/\/vimcar.de\/boxenstopp\/lexikon\/langzeitmiete\/"]}]},{"@type":"BreadcrumbList","@id":"https:\/\/vimcar.de\/boxenstopp\/lexikon\/langzeitmiete\/#breadcrumb","itemListElement":[{"@type":"ListItem","position":1,"name":"Startseite","item":"https:\/\/vimcar.de\/boxenstopp\/"},{"@type":"ListItem","position":2,"name":"Das Fuhrparklexikon","item":"https:\/\/vimcar.de\/boxenstopp\/lexikon\/"},{"@type":"ListItem","position":3,"name":"Langzeitmiete"}]},{"@type":"WebSite","@id":"https:\/\/vimcar.de\/boxenstopp\/#website","url":"https:\/\/vimcar.de\/boxenstopp\/","name":"Vimcar Boxenstopp","description":"- Die Lernplattform f\u00fcr Fuhrparkleiter","publisher":{"@id":"https:\/\/vimcar.de\/boxenstopp\/#organization"},"potentialAction":[{"@type":"SearchAction","target":{"@type":"EntryPoint","urlTemplate":"https:\/\/vimcar.de\/boxenstopp\/?s={search_term_string}"},"query-input":"required name=search_term_string"}],"inLanguage":"de"},{"@type":"Organization","@id":"https:\/\/vimcar.de\/boxenstopp\/#organization","name":"Vimcar Boxenstopp - Fuhrparkwissen","url":"https:\/\/vimcar.de\/boxenstopp\/","logo":{"@type":"ImageObject","inLanguage":"de","@id":"https:\/\/vimcar.de\/boxenstopp\/#\/schema\/logo\/image\/","url":"https:\/\/vimcar.de\/boxenstopp\/wp-content\/uploads\/2020\/10\/logo-vimcar-boxenstopp.png","contentUrl":"https:\/\/vimcar.de\/boxenstopp\/wp-content\/uploads\/2020\/10\/logo-vimcar-boxenstopp.png","width":250,"height":50,"caption":"Vimcar Boxenstopp - Fuhrparkwissen"},"image":{"@id":"https:\/\/vimcar.de\/boxenstopp\/#\/schema\/logo\/image\/"},"sameAs":["https:\/\/www.facebook.com\/vimcar","https:\/\/twitter.com\/goVimcar","https:\/\/www.instagram.com\/vimcar_official\/","https:\/\/de.linkedin.com\/company\/vimcar","https:\/\/www.pinterest.de\/vimcar\/","https:\/\/www.youtube.com\/channel\/UCWRajoA7OnWsAw-ezAahZPg"]}]}},"_links":{"self":[{"href":"https:\/\/vimcar.de\/boxenstopp\/wp-json\/wp\/v2\/pages\/6089"}],"collection":[{"href":"https:\/\/vimcar.de\/boxenstopp\/wp-json\/wp\/v2\/pages"}],"about":[{"href":"https:\/\/vimcar.de\/boxenstopp\/wp-json\/wp\/v2\/types\/page"}],"author":[{"embeddable":true,"href":"https:\/\/vimcar.de\/boxenstopp\/wp-json\/wp\/v2\/users\/30"}],"replies":[{"embeddable":true,"href":"https:\/\/vimcar.de\/boxenstopp\/wp-json\/wp\/v2\/comments?post=6089"}],"version-history":[{"count":0,"href":"https:\/\/vimcar.de\/boxenstopp\/wp-json\/wp\/v2\/pages\/6089\/revisions"}],"up":[{"embeddable":true,"href":"https:\/\/vimcar.de\/boxenstopp\/wp-json\/wp\/v2\/pages\/4813"}],"wp:attachment":[{"href":"https:\/\/vimcar.de\/boxenstopp\/wp-json\/wp\/v2\/media?parent=6089"}],"curies":[{"name":"wp","href":"https:\/\/api.w.org\/{rel}","templated":true}]}}